{"id":13620,"date":"2019-12-18T10:27:31","date_gmt":"2019-12-18T09:27:31","guid":{"rendered":"https:\/\/tuferreteria.online\/hazlo-tu-mismo\/tienda\/sin%20categor\u00eda\/taladro-bat-makita-12v-2a-hp331dsae\/"},"modified":"2026-03-11T11:25:40","modified_gmt":"2026-03-11T10:25:40","slug":"taladro-atornillador-a-bateria","status":"publish","type":"product","link":"https:\/\/tuferreteria.online\/hazlo-tu-mismo\/tienda\/ferreteria\/herramienta-electrica\/taladro-atornillador-a-bateria\/","title":{"rendered":"TALADRO ATORNILLADOR A BATER\u00cdA 12V 2AH HP331DSAE"},"content":{"rendered":"<div class=\"wpb-content-wrapper\"><p>[vc_row][vc_column][vc_column_text]<\/p>\n<h2 style=\"text-align: center;\"><span style=\"font-size: 24pt; color: #f9e03a;\">Taladro Atornillador a Bater\u00eda 12 V<\/span><\/h2>\n<p>&nbsp;<\/p>\n<h3>Caracter\u00edsticas:<\/h3>\n<p>&nbsp;<\/p>\n<p style=\"text-align: justify;\">El Taladro atornillador a bater\u00eda de 12 V, es una herramienta fuerte, ligera y extremadamente c\u00f3moda, gracias a sus peque\u00f1as dimensiones.<\/p>\n<p style=\"text-align: justify;\">Funci\u00f3n de taladro, taladro-percutor y atornillador.<\/p>\n<p style=\"text-align: justify;\">Con un agarre ergon\u00f3mico antideslizante, la empu\u00f1adura se adapta perfectamente a la mano para mayor comodidad y control.<\/p>\n<p style=\"text-align: justify;\">Viene con 2 bater\u00edas a tu disposici\u00f3n de 2 Ah.<\/p>\n<p style=\"text-align: justify;\">Tendr\u00e1s un malet\u00edn de transporte de pl\u00e1stico r\u00edgido, para que sea resistente.<\/p>\n<p style=\"text-align: justify;\">Con malet\u00edn de transporte y punta doble para atornillar de regalo.<\/p>\n<p>[\/vc_column_text][\/vc_column][\/vc_row]<\/p>\n<\/div>","protected":false},"excerpt":{"rendered":"<h2>TALADRO MAKITA HP331DSAE<\/h2>\n","protected":false},"featured_media":13667,"comment_status":"closed","ping_status":"closed","template":"","meta":{"_exactmetrics_skip_tracking":false,"_exactmetrics_sitenote_active":false,"_exactmetrics_sitenote_note":"","_exactmetrics_sitenote_category":0,"_joinchat":[]},"etheme_brands":[{"term_id":494,"name":"MAKITA","slug":"makita","term_group":0,"term_taxonomy_id":494,"taxonomy":"brand","description":"","parent":0,"count":27,"filter":"raw"}],"product_brand":[],"product_cat":[103,416,55,56],"product_tag":[185,2024,186,2508,2400,496,271,3227],"class_list":{"0":"post-13620","1":"product","2":"type-product","3":"status-publish","4":"has-post-thumbnail","6":"brand-makita","7":"product_cat-atornilladores-herramienta-electrica","8":"product_cat-ferreteria","9":"product_cat-herramienta-electrica","10":"product_cat-taladros","11":"product_tag-atornillador","12":"product_tag-atornillador-bateria-makita","13":"product_tag-bateria","14":"product_tag-comprar-taladro-de-bateria-tenerife","15":"product_tag-distribuidor-makita-tenerife","16":"product_tag-makita","17":"product_tag-taladro","18":"product_tag-taladro-makita-hp331dsae","19":"product_shipping_class-envio-peso","21":"first","22":"instock","23":"taxable","24":"shipping-taxable","25":"purchasable","26":"product-type-simple"},"yoast_head":"<!-- This site is optimized with the Yoast SEO plugin v24.9 - https:\/\/yoast.com\/wordpress\/plugins\/seo\/ -->\n<title>TALADRO ATORNILLADOR A BATER\u00cdA 12V 2AH HP331DSAE - Tienda de tuferreteria.online by Ferreter\u00eda La Salle<\/title>\n<meta name=\"description\" content=\"El Taladro atornillador a Bater\u00eda de 12 V, es una herramienta fuerte, ligera y extremadamente c\u00f3moda, gracias a sus peque\u00f1as dimensiones. Funci\u00f3n de taladro, taladro-percutor y atornillador.\" \/>\n<meta name=\"robots\" content=\"index, follow, max-snippet:-1, max-image-preview:large, max-video-preview:-1\" \/>\n<link rel=\"canonical\" href=\"https:\/\/tuferreteria.online\/hazlo-tu-mismo\/tienda\/ferreteria\/herramienta-electrica\/taladro-atornillador-a-bateria\/\" \/>\n<meta property=\"og:locale\" content=\"es_ES\" \/>\n<meta property=\"og:type\" content=\"article\" \/>\n<meta property=\"og:title\" content=\"TALADRO ATORNILLADOR A BATER\u00cdA 12V 2AH HP331DSAE - Tienda de tuferreteria.online by Ferreter\u00eda La Salle\" \/>\n<meta property=\"og:description\" content=\"El Taladro atornillador a Bater\u00eda de 12 V, es una herramienta fuerte, ligera y extremadamente c\u00f3moda, gracias a sus peque\u00f1as dimensiones. Funci\u00f3n de taladro, taladro-percutor y atornillador.\" \/>\n<meta property=\"og:url\" content=\"https:\/\/tuferreteria.online\/hazlo-tu-mismo\/tienda\/ferreteria\/herramienta-electrica\/taladro-atornillador-a-bateria\/\" \/>\n<meta property=\"og:site_name\" content=\"Tienda de tuferreteria.online by Ferreter\u00eda La Salle\" \/>\n<meta property=\"article:modified_time\" content=\"2026-03-11T10:25:40+00:00\" \/>\n<meta property=\"og:image\" content=\"https:\/\/tuferreteria.online\/hazlo-tu-mismo\/wp-content\/uploads\/2019\/12\/TALADRO-BATER\u00cdA-MAKITA-12-V-TAMA\u00d1O.jpg\" \/>\n\t<meta property=\"og:image:width\" content=\"600\" \/>\n\t<meta property=\"og:image:height\" content=\"600\" \/>\n\t<meta property=\"og:image:type\" content=\"image\/jpeg\" \/>\n<meta name=\"twitter:card\" content=\"summary_large_image\" \/>\n<meta name=\"twitter:label1\" content=\"Tiempo de lectura\" \/>\n\t<meta name=\"twitter:data1\" content=\"1 minuto\" \/>\n<script type=\"application\/ld+json\" class=\"yoast-schema-graph\">{\"@context\":\"https:\/\/schema.org\",\"@graph\":[{\"@type\":\"WebPage\",\"@id\":\"https:\/\/tuferreteria.online\/hazlo-tu-mismo\/tienda\/ferreteria\/herramienta-electrica\/taladro-atornillador-a-bateria\/\",\"url\":\"https:\/\/tuferreteria.online\/hazlo-tu-mismo\/tienda\/ferreteria\/herramienta-electrica\/taladro-atornillador-a-bateria\/\",\"name\":\"TALADRO ATORNILLADOR A BATER\u00cdA 12V 2AH HP331DSAE - Tienda de tuferreteria.online by Ferreter\u00eda La Salle\",\"isPartOf\":{\"@id\":\"https:\/\/tuferreteria.online\/hazlo-tu-mismo\/#website\"},\"primaryImageOfPage\":{\"@id\":\"https:\/\/tuferreteria.online\/hazlo-tu-mismo\/tienda\/ferreteria\/herramienta-electrica\/taladro-atornillador-a-bateria\/#primaryimage\"},\"image\":{\"@id\":\"https:\/\/tuferreteria.online\/hazlo-tu-mismo\/tienda\/ferreteria\/herramienta-electrica\/taladro-atornillador-a-bateria\/#primaryimage\"},\"thumbnailUrl\":\"https:\/\/tuferreteria.online\/hazlo-tu-mismo\/wp-content\/uploads\/2019\/12\/TALADRO-BATER\u00cdA-MAKITA-12-V-TAMA\u00d1O.jpg\",\"datePublished\":\"2019-12-18T09:27:31+00:00\",\"dateModified\":\"2026-03-11T10:25:40+00:00\",\"description\":\"El Taladro atornillador a Bater\u00eda de 12 V, es una herramienta fuerte, ligera y extremadamente c\u00f3moda, gracias a sus peque\u00f1as dimensiones. Funci\u00f3n de taladro, taladro-percutor y atornillador.\",\"breadcrumb\":{\"@id\":\"https:\/\/tuferreteria.online\/hazlo-tu-mismo\/tienda\/ferreteria\/herramienta-electrica\/taladro-atornillador-a-bateria\/#breadcrumb\"},\"inLanguage\":\"es\",\"potentialAction\":[{\"@type\":\"ReadAction\",\"target\":[\"https:\/\/tuferreteria.online\/hazlo-tu-mismo\/tienda\/ferreteria\/herramienta-electrica\/taladro-atornillador-a-bateria\/\"]}]},{\"@type\":\"ImageObject\",\"inLanguage\":\"es\",\"@id\":\"https:\/\/tuferreteria.online\/hazlo-tu-mismo\/tienda\/ferreteria\/herramienta-electrica\/taladro-atornillador-a-bateria\/#primaryimage\",\"url\":\"https:\/\/tuferreteria.online\/hazlo-tu-mismo\/wp-content\/uploads\/2019\/12\/TALADRO-BATER\u00cdA-MAKITA-12-V-TAMA\u00d1O.jpg\",\"contentUrl\":\"https:\/\/tuferreteria.online\/hazlo-tu-mismo\/wp-content\/uploads\/2019\/12\/TALADRO-BATER\u00cdA-MAKITA-12-V-TAMA\u00d1O.jpg\",\"width\":600,\"height\":600,\"caption\":\"TALADRO-BATER\u00cdA-MAKITA-12-V-HP331DSAE TAMA\u00d1O\"},{\"@type\":\"BreadcrumbList\",\"@id\":\"https:\/\/tuferreteria.online\/hazlo-tu-mismo\/tienda\/ferreteria\/herramienta-electrica\/taladro-atornillador-a-bateria\/#breadcrumb\",\"itemListElement\":[{\"@type\":\"ListItem\",\"position\":1,\"name\":\"Portada\",\"item\":\"https:\/\/tuferreteria.online\/hazlo-tu-mismo\/\"},{\"@type\":\"ListItem\",\"position\":2,\"name\":\"Tienda\",\"item\":\"https:\/\/tuferreteria.online\/hazlo-tu-mismo\/tienda\/\"},{\"@type\":\"ListItem\",\"position\":3,\"name\":\"TALADRO ATORNILLADOR A BATER\u00cdA 12V 2AH HP331DSAE\"}]},{\"@type\":\"WebSite\",\"@id\":\"https:\/\/tuferreteria.online\/hazlo-tu-mismo\/#website\",\"url\":\"https:\/\/tuferreteria.online\/hazlo-tu-mismo\/\",\"name\":\"Tienda de tuferreteria.online by Ferreter\u00eda La Salle\",\"description\":\"Hazlo tu mismo\",\"potentialAction\":[{\"@type\":\"SearchAction\",\"target\":{\"@type\":\"EntryPoint\",\"urlTemplate\":\"https:\/\/tuferreteria.online\/hazlo-tu-mismo\/?s={search_term_string}\"},\"query-input\":{\"@type\":\"PropertyValueSpecification\",\"valueRequired\":true,\"valueName\":\"search_term_string\"}}],\"inLanguage\":\"es\"}]}<\/script>\n<!-- \/ Yoast SEO plugin. -->","yoast_head_json":{"title":"TALADRO ATORNILLADOR A BATER\u00cdA 12V 2AH HP331DSAE - Tienda de tuferreteria.online by Ferreter\u00eda La Salle","description":"El Taladro atornillador a Bater\u00eda de 12 V, es una herramienta fuerte, ligera y extremadamente c\u00f3moda, gracias a sus peque\u00f1as dimensiones. Funci\u00f3n de taladro, taladro-percutor y atornillador.","robots":{"index":"index","follow":"follow","max-snippet":"max-snippet:-1","max-image-preview":"max-image-preview:large","max-video-preview":"max-video-preview:-1"},"canonical":"https:\/\/tuferreteria.online\/hazlo-tu-mismo\/tienda\/ferreteria\/herramienta-electrica\/taladro-atornillador-a-bateria\/","og_locale":"es_ES","og_type":"article","og_title":"TALADRO ATORNILLADOR A BATER\u00cdA 12V 2AH HP331DSAE - Tienda de tuferreteria.online by Ferreter\u00eda La Salle","og_description":"El Taladro atornillador a Bater\u00eda de 12 V, es una herramienta fuerte, ligera y extremadamente c\u00f3moda, gracias a sus peque\u00f1as dimensiones. Funci\u00f3n de taladro, taladro-percutor y atornillador.","og_url":"https:\/\/tuferreteria.online\/hazlo-tu-mismo\/tienda\/ferreteria\/herramienta-electrica\/taladro-atornillador-a-bateria\/","og_site_name":"Tienda de tuferreteria.online by Ferreter\u00eda La Salle","article_modified_time":"2026-03-11T10:25:40+00:00","og_image":[{"width":600,"height":600,"url":"https:\/\/tuferreteria.online\/hazlo-tu-mismo\/wp-content\/uploads\/2019\/12\/TALADRO-BATER\u00cdA-MAKITA-12-V-TAMA\u00d1O.jpg","type":"image\/jpeg"}],"twitter_card":"summary_large_image","twitter_misc":{"Tiempo de lectura":"1 minuto"},"schema":{"@context":"https:\/\/schema.org","@graph":[{"@type":"WebPage","@id":"https:\/\/tuferreteria.online\/hazlo-tu-mismo\/tienda\/ferreteria\/herramienta-electrica\/taladro-atornillador-a-bateria\/","url":"https:\/\/tuferreteria.online\/hazlo-tu-mismo\/tienda\/ferreteria\/herramienta-electrica\/taladro-atornillador-a-bateria\/","name":"TALADRO ATORNILLADOR A BATER\u00cdA 12V 2AH HP331DSAE - Tienda de tuferreteria.online by Ferreter\u00eda La Salle","isPartOf":{"@id":"https:\/\/tuferreteria.online\/hazlo-tu-mismo\/#website"},"primaryImageOfPage":{"@id":"https:\/\/tuferreteria.online\/hazlo-tu-mismo\/tienda\/ferreteria\/herramienta-electrica\/taladro-atornillador-a-bateria\/#primaryimage"},"image":{"@id":"https:\/\/tuferreteria.online\/hazlo-tu-mismo\/tienda\/ferreteria\/herramienta-electrica\/taladro-atornillador-a-bateria\/#primaryimage"},"thumbnailUrl":"https:\/\/tuferreteria.online\/hazlo-tu-mismo\/wp-content\/uploads\/2019\/12\/TALADRO-BATER\u00cdA-MAKITA-12-V-TAMA\u00d1O.jpg","datePublished":"2019-12-18T09:27:31+00:00","dateModified":"2026-03-11T10:25:40+00:00","description":"El Taladro atornillador a Bater\u00eda de 12 V, es una herramienta fuerte, ligera y extremadamente c\u00f3moda, gracias a sus peque\u00f1as dimensiones. Funci\u00f3n de taladro, taladro-percutor y atornillador.","breadcrumb":{"@id":"https:\/\/tuferreteria.online\/hazlo-tu-mismo\/tienda\/ferreteria\/herramienta-electrica\/taladro-atornillador-a-bateria\/#breadcrumb"},"inLanguage":"es","potentialAction":[{"@type":"ReadAction","target":["https:\/\/tuferreteria.online\/hazlo-tu-mismo\/tienda\/ferreteria\/herramienta-electrica\/taladro-atornillador-a-bateria\/"]}]},{"@type":"ImageObject","inLanguage":"es","@id":"https:\/\/tuferreteria.online\/hazlo-tu-mismo\/tienda\/ferreteria\/herramienta-electrica\/taladro-atornillador-a-bateria\/#primaryimage","url":"https:\/\/tuferreteria.online\/hazlo-tu-mismo\/wp-content\/uploads\/2019\/12\/TALADRO-BATER\u00cdA-MAKITA-12-V-TAMA\u00d1O.jpg","contentUrl":"https:\/\/tuferreteria.online\/hazlo-tu-mismo\/wp-content\/uploads\/2019\/12\/TALADRO-BATER\u00cdA-MAKITA-12-V-TAMA\u00d1O.jpg","width":600,"height":600,"caption":"TALADRO-BATER\u00cdA-MAKITA-12-V-HP331DSAE TAMA\u00d1O"},{"@type":"BreadcrumbList","@id":"https:\/\/tuferreteria.online\/hazlo-tu-mismo\/tienda\/ferreteria\/herramienta-electrica\/taladro-atornillador-a-bateria\/#breadcrumb","itemListElement":[{"@type":"ListItem","position":1,"name":"Portada","item":"https:\/\/tuferreteria.online\/hazlo-tu-mismo\/"},{"@type":"ListItem","position":2,"name":"Tienda","item":"https:\/\/tuferreteria.online\/hazlo-tu-mismo\/tienda\/"},{"@type":"ListItem","position":3,"name":"TALADRO ATORNILLADOR A BATER\u00cdA 12V 2AH HP331DSAE"}]},{"@type":"WebSite","@id":"https:\/\/tuferreteria.online\/hazlo-tu-mismo\/#website","url":"https:\/\/tuferreteria.online\/hazlo-tu-mismo\/","name":"Tienda de tuferreteria.online by Ferreter\u00eda La Salle","description":"Hazlo tu mismo","potentialAction":[{"@type":"SearchAction","target":{"@type":"EntryPoint","urlTemplate":"https:\/\/tuferreteria.online\/hazlo-tu-mismo\/?s={search_term_string}"},"query-input":{"@type":"PropertyValueSpecification","valueRequired":true,"valueName":"search_term_string"}}],"inLanguage":"es"}]}},"_links":{"self":[{"href":"https:\/\/tuferreteria.online\/hazlo-tu-mismo\/wp-json\/wp\/v2\/product\/13620","targetHints":{"allow":["GET"]}}],"collection":[{"href":"https:\/\/tuferreteria.online\/hazlo-tu-mismo\/wp-json\/wp\/v2\/product"}],"about":[{"href":"https:\/\/tuferreteria.online\/hazlo-tu-mismo\/wp-json\/wp\/v2\/types\/product"}],"replies":[{"embeddable":true,"href":"https:\/\/tuferreteria.online\/hazlo-tu-mismo\/wp-json\/wp\/v2\/comments?post=13620"}],"wp:featuredmedia":[{"embeddable":true,"href":"https:\/\/tuferreteria.online\/hazlo-tu-mismo\/wp-json\/wp\/v2\/media\/13667"}],"wp:attachment":[{"href":"https:\/\/tuferreteria.online\/hazlo-tu-mismo\/wp-json\/wp\/v2\/media?parent=13620"}],"wp:term":[{"taxonomy":"brand","embeddable":true,"href":"https:\/\/tuferreteria.online\/hazlo-tu-mismo\/wp-json\/wp\/v2\/etheme_brands?post=13620"},{"taxonomy":"product_brand","embeddable":true,"href":"https:\/\/tuferreteria.online\/hazlo-tu-mismo\/wp-json\/wp\/v2\/product_brand?post=13620"},{"taxonomy":"product_cat","embeddable":true,"href":"https:\/\/tuferreteria.online\/hazlo-tu-mismo\/wp-json\/wp\/v2\/product_cat?post=13620"},{"taxonomy":"product_tag","embeddable":true,"href":"https:\/\/tuferreteria.online\/hazlo-tu-mismo\/wp-json\/wp\/v2\/product_tag?post=13620"}],"curies":[{"name":"wp","href":"https:\/\/api.w.org\/{rel}","templated":true}]}}