{"id":18386,"date":"2020-04-22T10:45:41","date_gmt":"2020-04-22T09:45:41","guid":{"rendered":"https:\/\/tuferreteria.online\/hazlo-tu-mismo\/?post_type=product&#038;p=18386"},"modified":"2026-03-11T11:18:46","modified_gmt":"2026-03-11T10:18:46","slug":"lija-para-lijadora-rotorbital-pex","status":"publish","type":"product","link":"https:\/\/tuferreteria.online\/hazlo-tu-mismo\/tienda\/pintura-decoracion\/pintura\/abrasivos-lijas-lanas\/lija-para-lijadora-rotorbital-pex\/","title":{"rendered":"LIJA PARA LIJADORA ROTORBITAL (PEX)"},"content":{"rendered":"<div class=\"wpb-content-wrapper\"><p>[vc_row][vc_column][vc_column_text]<\/p>\n<h2 style=\"text-align: center;\"><span style=\"font-size: 24pt; color: #f9e03a;\">Lija para Lijadora Rotorbital\u00a0 (Pex)<\/span><\/h2>\n<p>&nbsp;<\/p>\n<h3>Caracter\u00edsticas:<\/h3>\n<p>&nbsp;<\/p>\n<p style=\"text-align: justify;\">La lija para lijadora Rotorbital (Pex), (lijadora redonda con pegue autoadherente para la lija)<\/p>\n<p style=\"text-align: justify;\">Vienen en paquetes de 5 lijas.<\/p>\n<p style=\"text-align: justify;\">Las lijas te servir\u00e1n para lijar madera, metal, pl\u00e1stico y fibra de vidrio.<\/p>\n<p style=\"text-align: justify;\">La lija es autoadherente.<\/p>\n<p style=\"text-align: justify;\">Elige tu tama\u00f1o (115 \u00f3 125 mm.) y tu grano (cantidad de abrasi\u00f3n que necesitas), en nuestras variaciones.<\/p>\n<p style=\"text-align: justify;\">Grano 180: el m\u00e1s fino, para acabados y pulidos.<\/p>\n<p style=\"text-align: justify;\">Grano 120: fino, acabados y preparaci\u00f3n para pintar.<\/p>\n<p style=\"text-align: justify;\">Grano 100: medio, para quitar peque\u00f1as imperfecciones, barnices o preparar metal para imprimar.<\/p>\n<p style=\"text-align: justify;\">Grano 80: medio-grueso, para quitar imperfecciones y pinturas resistentes.<\/p>\n<p style=\"text-align: justify;\">Grano 60 y 40: grueso o basto, para restos de pl\u00e1sticos y fibra de v\u00eddrio. (para usar este grano con la madera tendr\u00eda que estar con una pintura muy dura de quitar ya que si no la rallar\u00eda, no la recomendamos).<\/p>\n<p>[\/vc_column_text][\/vc_column][\/vc_row]<\/p>\n<\/div>","protected":false},"excerpt":{"rendered":"<h2>RECAMBIO LIJA REDONDA CON VELCRO<\/h2>\n","protected":false},"featured_media":27874,"comment_status":"closed","ping_status":"closed","template":"","meta":{"_exactmetrics_skip_tracking":false,"_exactmetrics_sitenote_active":false,"_exactmetrics_sitenote_note":"","_exactmetrics_sitenote_category":0,"_joinchat":[]},"etheme_brands":[{"term_id":151,"name":"PROFER","slug":"profer","term_group":0,"term_taxonomy_id":151,"taxonomy":"brand","description":"","parent":0,"count":24,"filter":"raw"}],"product_brand":[],"product_cat":[52,48],"product_tag":[478,1290,188,2291],"class_list":{"0":"post-18386","1":"product","2":"type-product","3":"status-publish","4":"has-post-thumbnail","6":"brand-profer","7":"product_cat-abrasivos-lijas-lanas","8":"product_cat-pintura-decoracion","9":"product_tag-lija","10":"product_tag-lija-para-lijadora-redonda","11":"product_tag-lijadora","12":"product_tag-recambio-lija-redonda-tenerife","13":"product_shipping_class-envio-peso","15":"first","16":"instock","17":"taxable","18":"shipping-taxable","19":"purchasable","20":"product-type-variable"},"yoast_head":"<!-- This site is optimized with the Yoast SEO plugin v24.9 - https:\/\/yoast.com\/wordpress\/plugins\/seo\/ -->\n<title>LIJA PARA LIJADORA ROTORBITAL (PEX) - Tienda de tuferreteria.online by Ferreter\u00eda La Salle<\/title>\n<meta name=\"description\" content=\"La lija para lijadora Rotorbital (Pex), (lijadora redonda con pegue autoadherente para la lija)Tiene un di\u00e1metro de 115 mm. y las tienes en paquetes de 5 lijas.\" \/>\n<meta name=\"robots\" content=\"index, follow, max-snippet:-1, max-image-preview:large, max-video-preview:-1\" \/>\n<link rel=\"canonical\" href=\"https:\/\/tuferreteria.online\/hazlo-tu-mismo\/tienda\/pintura-decoracion\/pintura\/abrasivos-lijas-lanas\/lija-para-lijadora-rotorbital-pex\/\" \/>\n<meta property=\"og:locale\" content=\"es_ES\" \/>\n<meta property=\"og:type\" content=\"article\" \/>\n<meta property=\"og:title\" content=\"LIJA PARA LIJADORA ROTORBITAL (PEX) - Tienda de tuferreteria.online by Ferreter\u00eda La Salle\" \/>\n<meta property=\"og:description\" content=\"La lija para lijadora Rotorbital (Pex), (lijadora redonda con pegue autoadherente para la lija)Tiene un di\u00e1metro de 115 mm. y las tienes en paquetes de 5 lijas.\" \/>\n<meta property=\"og:url\" content=\"https:\/\/tuferreteria.online\/hazlo-tu-mismo\/tienda\/pintura-decoracion\/pintura\/abrasivos-lijas-lanas\/lija-para-lijadora-rotorbital-pex\/\" \/>\n<meta property=\"og:site_name\" content=\"Tienda de tuferreteria.online by Ferreter\u00eda La Salle\" \/>\n<meta property=\"article:modified_time\" content=\"2026-03-11T10:18:46+00:00\" \/>\n<meta property=\"og:image\" content=\"https:\/\/tuferreteria.online\/hazlo-tu-mismo\/wp-content\/uploads\/2020\/04\/LIJAS-LIJADORA-ORBITAL.jpg\" \/>\n\t<meta property=\"og:image:width\" content=\"600\" \/>\n\t<meta property=\"og:image:height\" content=\"600\" \/>\n\t<meta property=\"og:image:type\" content=\"image\/jpeg\" \/>\n<meta name=\"twitter:card\" content=\"summary_large_image\" \/>\n<meta name=\"twitter:label1\" content=\"Tiempo de lectura\" \/>\n\t<meta name=\"twitter:data1\" content=\"1 minuto\" \/>\n<script type=\"application\/ld+json\" class=\"yoast-schema-graph\">{\"@context\":\"https:\/\/schema.org\",\"@graph\":[{\"@type\":\"WebPage\",\"@id\":\"https:\/\/tuferreteria.online\/hazlo-tu-mismo\/tienda\/pintura-decoracion\/pintura\/abrasivos-lijas-lanas\/lija-para-lijadora-rotorbital-pex\/\",\"url\":\"https:\/\/tuferreteria.online\/hazlo-tu-mismo\/tienda\/pintura-decoracion\/pintura\/abrasivos-lijas-lanas\/lija-para-lijadora-rotorbital-pex\/\",\"name\":\"LIJA PARA LIJADORA ROTORBITAL (PEX) - Tienda de tuferreteria.online by Ferreter\u00eda La Salle\",\"isPartOf\":{\"@id\":\"https:\/\/tuferreteria.online\/hazlo-tu-mismo\/#website\"},\"primaryImageOfPage\":{\"@id\":\"https:\/\/tuferreteria.online\/hazlo-tu-mismo\/tienda\/pintura-decoracion\/pintura\/abrasivos-lijas-lanas\/lija-para-lijadora-rotorbital-pex\/#primaryimage\"},\"image\":{\"@id\":\"https:\/\/tuferreteria.online\/hazlo-tu-mismo\/tienda\/pintura-decoracion\/pintura\/abrasivos-lijas-lanas\/lija-para-lijadora-rotorbital-pex\/#primaryimage\"},\"thumbnailUrl\":\"https:\/\/tuferreteria.online\/hazlo-tu-mismo\/wp-content\/uploads\/2020\/04\/LIJAS-LIJADORA-ORBITAL.jpg\",\"datePublished\":\"2020-04-22T09:45:41+00:00\",\"dateModified\":\"2026-03-11T10:18:46+00:00\",\"description\":\"La lija para lijadora Rotorbital (Pex), (lijadora redonda con pegue autoadherente para la lija)Tiene un di\u00e1metro de 115 mm. y las tienes en paquetes de 5 lijas.\",\"breadcrumb\":{\"@id\":\"https:\/\/tuferreteria.online\/hazlo-tu-mismo\/tienda\/pintura-decoracion\/pintura\/abrasivos-lijas-lanas\/lija-para-lijadora-rotorbital-pex\/#breadcrumb\"},\"inLanguage\":\"es\",\"potentialAction\":[{\"@type\":\"ReadAction\",\"target\":[\"https:\/\/tuferreteria.online\/hazlo-tu-mismo\/tienda\/pintura-decoracion\/pintura\/abrasivos-lijas-lanas\/lija-para-lijadora-rotorbital-pex\/\"]}]},{\"@type\":\"ImageObject\",\"inLanguage\":\"es\",\"@id\":\"https:\/\/tuferreteria.online\/hazlo-tu-mismo\/tienda\/pintura-decoracion\/pintura\/abrasivos-lijas-lanas\/lija-para-lijadora-rotorbital-pex\/#primaryimage\",\"url\":\"https:\/\/tuferreteria.online\/hazlo-tu-mismo\/wp-content\/uploads\/2020\/04\/LIJAS-LIJADORA-ORBITAL.jpg\",\"contentUrl\":\"https:\/\/tuferreteria.online\/hazlo-tu-mismo\/wp-content\/uploads\/2020\/04\/LIJAS-LIJADORA-ORBITAL.jpg\",\"width\":600,\"height\":600,\"caption\":\"LIJAS-LIJADORA-ORBITAL\"},{\"@type\":\"BreadcrumbList\",\"@id\":\"https:\/\/tuferreteria.online\/hazlo-tu-mismo\/tienda\/pintura-decoracion\/pintura\/abrasivos-lijas-lanas\/lija-para-lijadora-rotorbital-pex\/#breadcrumb\",\"itemListElement\":[{\"@type\":\"ListItem\",\"position\":1,\"name\":\"Portada\",\"item\":\"https:\/\/tuferreteria.online\/hazlo-tu-mismo\/\"},{\"@type\":\"ListItem\",\"position\":2,\"name\":\"Tienda\",\"item\":\"https:\/\/tuferreteria.online\/hazlo-tu-mismo\/tienda\/\"},{\"@type\":\"ListItem\",\"position\":3,\"name\":\"LIJA PARA LIJADORA ROTORBITAL (PEX)\"}]},{\"@type\":\"WebSite\",\"@id\":\"https:\/\/tuferreteria.online\/hazlo-tu-mismo\/#website\",\"url\":\"https:\/\/tuferreteria.online\/hazlo-tu-mismo\/\",\"name\":\"Tienda de tuferreteria.online by Ferreter\u00eda La Salle\",\"description\":\"Hazlo tu mismo\",\"potentialAction\":[{\"@type\":\"SearchAction\",\"target\":{\"@type\":\"EntryPoint\",\"urlTemplate\":\"https:\/\/tuferreteria.online\/hazlo-tu-mismo\/?s={search_term_string}\"},\"query-input\":{\"@type\":\"PropertyValueSpecification\",\"valueRequired\":true,\"valueName\":\"search_term_string\"}}],\"inLanguage\":\"es\"}]}<\/script>\n<!-- \/ Yoast SEO plugin. -->","yoast_head_json":{"title":"LIJA PARA LIJADORA ROTORBITAL (PEX) - Tienda de tuferreteria.online by Ferreter\u00eda La Salle","description":"La lija para lijadora Rotorbital (Pex), (lijadora redonda con pegue autoadherente para la lija)Tiene un di\u00e1metro de 115 mm. y las tienes en paquetes de 5 lijas.","robots":{"index":"index","follow":"follow","max-snippet":"max-snippet:-1","max-image-preview":"max-image-preview:large","max-video-preview":"max-video-preview:-1"},"canonical":"https:\/\/tuferreteria.online\/hazlo-tu-mismo\/tienda\/pintura-decoracion\/pintura\/abrasivos-lijas-lanas\/lija-para-lijadora-rotorbital-pex\/","og_locale":"es_ES","og_type":"article","og_title":"LIJA PARA LIJADORA ROTORBITAL (PEX) - Tienda de tuferreteria.online by Ferreter\u00eda La Salle","og_description":"La lija para lijadora Rotorbital (Pex), (lijadora redonda con pegue autoadherente para la lija)Tiene un di\u00e1metro de 115 mm. y las tienes en paquetes de 5 lijas.","og_url":"https:\/\/tuferreteria.online\/hazlo-tu-mismo\/tienda\/pintura-decoracion\/pintura\/abrasivos-lijas-lanas\/lija-para-lijadora-rotorbital-pex\/","og_site_name":"Tienda de tuferreteria.online by Ferreter\u00eda La Salle","article_modified_time":"2026-03-11T10:18:46+00:00","og_image":[{"width":600,"height":600,"url":"https:\/\/tuferreteria.online\/hazlo-tu-mismo\/wp-content\/uploads\/2020\/04\/LIJAS-LIJADORA-ORBITAL.jpg","type":"image\/jpeg"}],"twitter_card":"summary_large_image","twitter_misc":{"Tiempo de lectura":"1 minuto"},"schema":{"@context":"https:\/\/schema.org","@graph":[{"@type":"WebPage","@id":"https:\/\/tuferreteria.online\/hazlo-tu-mismo\/tienda\/pintura-decoracion\/pintura\/abrasivos-lijas-lanas\/lija-para-lijadora-rotorbital-pex\/","url":"https:\/\/tuferreteria.online\/hazlo-tu-mismo\/tienda\/pintura-decoracion\/pintura\/abrasivos-lijas-lanas\/lija-para-lijadora-rotorbital-pex\/","name":"LIJA PARA LIJADORA ROTORBITAL (PEX) - Tienda de tuferreteria.online by Ferreter\u00eda La Salle","isPartOf":{"@id":"https:\/\/tuferreteria.online\/hazlo-tu-mismo\/#website"},"primaryImageOfPage":{"@id":"https:\/\/tuferreteria.online\/hazlo-tu-mismo\/tienda\/pintura-decoracion\/pintura\/abrasivos-lijas-lanas\/lija-para-lijadora-rotorbital-pex\/#primaryimage"},"image":{"@id":"https:\/\/tuferreteria.online\/hazlo-tu-mismo\/tienda\/pintura-decoracion\/pintura\/abrasivos-lijas-lanas\/lija-para-lijadora-rotorbital-pex\/#primaryimage"},"thumbnailUrl":"https:\/\/tuferreteria.online\/hazlo-tu-mismo\/wp-content\/uploads\/2020\/04\/LIJAS-LIJADORA-ORBITAL.jpg","datePublished":"2020-04-22T09:45:41+00:00","dateModified":"2026-03-11T10:18:46+00:00","description":"La lija para lijadora Rotorbital (Pex), (lijadora redonda con pegue autoadherente para la lija)Tiene un di\u00e1metro de 115 mm. y las tienes en paquetes de 5 lijas.","breadcrumb":{"@id":"https:\/\/tuferreteria.online\/hazlo-tu-mismo\/tienda\/pintura-decoracion\/pintura\/abrasivos-lijas-lanas\/lija-para-lijadora-rotorbital-pex\/#breadcrumb"},"inLanguage":"es","potentialAction":[{"@type":"ReadAction","target":["https:\/\/tuferreteria.online\/hazlo-tu-mismo\/tienda\/pintura-decoracion\/pintura\/abrasivos-lijas-lanas\/lija-para-lijadora-rotorbital-pex\/"]}]},{"@type":"ImageObject","inLanguage":"es","@id":"https:\/\/tuferreteria.online\/hazlo-tu-mismo\/tienda\/pintura-decoracion\/pintura\/abrasivos-lijas-lanas\/lija-para-lijadora-rotorbital-pex\/#primaryimage","url":"https:\/\/tuferreteria.online\/hazlo-tu-mismo\/wp-content\/uploads\/2020\/04\/LIJAS-LIJADORA-ORBITAL.jpg","contentUrl":"https:\/\/tuferreteria.online\/hazlo-tu-mismo\/wp-content\/uploads\/2020\/04\/LIJAS-LIJADORA-ORBITAL.jpg","width":600,"height":600,"caption":"LIJAS-LIJADORA-ORBITAL"},{"@type":"BreadcrumbList","@id":"https:\/\/tuferreteria.online\/hazlo-tu-mismo\/tienda\/pintura-decoracion\/pintura\/abrasivos-lijas-lanas\/lija-para-lijadora-rotorbital-pex\/#breadcrumb","itemListElement":[{"@type":"ListItem","position":1,"name":"Portada","item":"https:\/\/tuferreteria.online\/hazlo-tu-mismo\/"},{"@type":"ListItem","position":2,"name":"Tienda","item":"https:\/\/tuferreteria.online\/hazlo-tu-mismo\/tienda\/"},{"@type":"ListItem","position":3,"name":"LIJA PARA LIJADORA ROTORBITAL (PEX)"}]},{"@type":"WebSite","@id":"https:\/\/tuferreteria.online\/hazlo-tu-mismo\/#website","url":"https:\/\/tuferreteria.online\/hazlo-tu-mismo\/","name":"Tienda de tuferreteria.online by Ferreter\u00eda La Salle","description":"Hazlo tu mismo","potentialAction":[{"@type":"SearchAction","target":{"@type":"EntryPoint","urlTemplate":"https:\/\/tuferreteria.online\/hazlo-tu-mismo\/?s={search_term_string}"},"query-input":{"@type":"PropertyValueSpecification","valueRequired":true,"valueName":"search_term_string"}}],"inLanguage":"es"}]}},"_links":{"self":[{"href":"https:\/\/tuferreteria.online\/hazlo-tu-mismo\/wp-json\/wp\/v2\/product\/18386","targetHints":{"allow":["GET"]}}],"collection":[{"href":"https:\/\/tuferreteria.online\/hazlo-tu-mismo\/wp-json\/wp\/v2\/product"}],"about":[{"href":"https:\/\/tuferreteria.online\/hazlo-tu-mismo\/wp-json\/wp\/v2\/types\/product"}],"replies":[{"embeddable":true,"href":"https:\/\/tuferreteria.online\/hazlo-tu-mismo\/wp-json\/wp\/v2\/comments?post=18386"}],"wp:featuredmedia":[{"embeddable":true,"href":"https:\/\/tuferreteria.online\/hazlo-tu-mismo\/wp-json\/wp\/v2\/media\/27874"}],"wp:attachment":[{"href":"https:\/\/tuferreteria.online\/hazlo-tu-mismo\/wp-json\/wp\/v2\/media?parent=18386"}],"wp:term":[{"taxonomy":"brand","embeddable":true,"href":"https:\/\/tuferreteria.online\/hazlo-tu-mismo\/wp-json\/wp\/v2\/etheme_brands?post=18386"},{"taxonomy":"product_brand","embeddable":true,"href":"https:\/\/tuferreteria.online\/hazlo-tu-mismo\/wp-json\/wp\/v2\/product_brand?post=18386"},{"taxonomy":"product_cat","embeddable":true,"href":"https:\/\/tuferreteria.online\/hazlo-tu-mismo\/wp-json\/wp\/v2\/product_cat?post=18386"},{"taxonomy":"product_tag","embeddable":true,"href":"https:\/\/tuferreteria.online\/hazlo-tu-mismo\/wp-json\/wp\/v2\/product_tag?post=18386"}],"curies":[{"name":"wp","href":"https:\/\/api.w.org\/{rel}","templated":true}]}}