{"id":24369,"date":"2021-01-13T13:20:19","date_gmt":"2021-01-13T12:20:19","guid":{"rendered":"https:\/\/tuferreteria.online\/hazlo-tu-mismo\/tienda\/sin%20categor\u00eda\/estacion-soldarpistola-a-caliente-750w-baku\/"},"modified":"2026-03-11T11:25:50","modified_gmt":"2026-03-11T10:25:50","slug":"estacion-soldar-y-pistola-aire-caliente-700w-baku","status":"publish","type":"product","link":"https:\/\/tuferreteria.online\/hazlo-tu-mismo\/tienda\/ferreteria\/herramienta-electrica\/estacion-soldar-y-pistola-aire-caliente-700w-baku\/","title":{"rendered":"ESTACI\u00d3N SOLDAR + PISTOLA AIRE CALIENTE 700W BAKU"},"content":{"rendered":"<div class=\"wpb-content-wrapper\"><p>[vc_row][vc_column][vc_column_text]<\/p>\n<h2 style=\"text-align: center;\"><span style=\"color: #ede85f; font-size: 24pt;\">Estaci\u00f3n Soldar + Pistola Aire<\/span><\/h2>\n<p>&nbsp;<\/p>\n<h3>Caracter\u00edsticas:<\/h3>\n<p>&nbsp;<\/p>\n<p style=\"text-align: justify;\">La estaci\u00f3n de soldar + pistola de aire caliente tiene 700 W.<\/p>\n<p style=\"text-align: justify;\">Tiene un dise\u00f1o compacto y con bajo ruido.<\/p>\n<p style=\"text-align: justify;\">Podr\u00e1s ajustar el flujo de aire y la rotaci\u00f3n del control de temperatura de manera sencilla.<\/p>\n<p style=\"text-align: justify;\">La pistola de aire coge la temperatura indicada en 5 segundos.<\/p>\n<p style=\"text-align: justify;\">La temperatura de trabajo del soldador es de 200 a 480\u00ba C.<\/p>\n<p style=\"text-align: justify;\">Y la temperatura que alcanza la pistola del aire caliente es de 100 a 48o\u00ba C.<\/p>\n<p>[\/vc_column_text][\/vc_column][\/vc_row]<\/p>\n<\/div>","protected":false},"excerpt":{"rendered":"<h2>ESTACI\u00d3N SOLDAR + PISTOLA\u00a0 AIRE CALIENTE 700W BAKU<\/h2>\n","protected":false},"featured_media":24397,"comment_status":"closed","ping_status":"closed","template":"","meta":{"_exactmetrics_skip_tracking":false,"_exactmetrics_sitenote_active":false,"_exactmetrics_sitenote_note":"","_exactmetrics_sitenote_category":0,"_joinchat":[]},"etheme_brands":[{"term_id":2006,"name":"BAKU","slug":"baku","term_group":0,"term_taxonomy_id":2006,"taxonomy":"brand","description":"","parent":0,"count":6,"filter":"raw"}],"product_brand":[],"product_cat":[416,55,212],"product_tag":[2028,2027,2026,1374,2025],"class_list":{"0":"post-24369","1":"product","2":"type-product","3":"status-publish","4":"has-post-thumbnail","6":"brand-baku","7":"product_cat-ferreteria","8":"product_cat-herramienta-electrica","9":"product_cat-pistolas-termofusibles","10":"product_tag-bau-942","11":"product_tag-pistola-de-calor","12":"product_tag-pistola-soldador","13":"product_tag-soldador","14":"product_tag-soldador-tenerife","15":"product_shipping_class-envio-peso","17":"first","18":"instock","19":"taxable","20":"shipping-taxable","21":"purchasable","22":"product-type-simple"},"yoast_head":"<!-- This site is optimized with the Yoast SEO plugin v24.9 - https:\/\/yoast.com\/wordpress\/plugins\/seo\/ -->\n<title>ESTACI\u00d3N SOLDAR + PISTOLA AIRE CALIENTE 700W BAKU - Tienda de tuferreteria.online by Ferreter\u00eda La Salle<\/title>\n<meta name=\"description\" content=\"La estaci\u00f3n de soldar + pistola de aire caliente tiene 700 W. Tiene un dise\u00f1o compacto y con bajo ruido.\" \/>\n<meta name=\"robots\" content=\"index, follow, max-snippet:-1, max-image-preview:large, max-video-preview:-1\" \/>\n<link rel=\"canonical\" href=\"https:\/\/tuferreteria.online\/hazlo-tu-mismo\/tienda\/ferreteria\/herramienta-electrica\/estacion-soldar-y-pistola-aire-caliente-700w-baku\/\" \/>\n<meta property=\"og:locale\" content=\"es_ES\" \/>\n<meta property=\"og:type\" content=\"article\" \/>\n<meta property=\"og:title\" content=\"ESTACI\u00d3N SOLDAR + PISTOLA AIRE CALIENTE 700W BAKU - Tienda de tuferreteria.online by Ferreter\u00eda La Salle\" \/>\n<meta property=\"og:description\" content=\"La estaci\u00f3n de soldar + pistola de aire caliente tiene 700 W. Tiene un dise\u00f1o compacto y con bajo ruido.\" \/>\n<meta property=\"og:url\" content=\"https:\/\/tuferreteria.online\/hazlo-tu-mismo\/tienda\/ferreteria\/herramienta-electrica\/estacion-soldar-y-pistola-aire-caliente-700w-baku\/\" \/>\n<meta property=\"og:site_name\" content=\"Tienda de tuferreteria.online by Ferreter\u00eda La Salle\" \/>\n<meta property=\"article:modified_time\" content=\"2026-03-11T10:25:50+00:00\" \/>\n<meta property=\"og:image\" content=\"https:\/\/tuferreteria.online\/hazlo-tu-mismo\/wp-content\/uploads\/2016\/05\/ESTACION-SOLDAR-BAU-942.jpg\" \/>\n\t<meta property=\"og:image:width\" content=\"600\" \/>\n\t<meta property=\"og:image:height\" content=\"600\" \/>\n\t<meta property=\"og:image:type\" content=\"image\/jpeg\" \/>\n<meta name=\"twitter:card\" content=\"summary_large_image\" \/>\n<script type=\"application\/ld+json\" class=\"yoast-schema-graph\">{\"@context\":\"https:\/\/schema.org\",\"@graph\":[{\"@type\":\"WebPage\",\"@id\":\"https:\/\/tuferreteria.online\/hazlo-tu-mismo\/tienda\/ferreteria\/herramienta-electrica\/estacion-soldar-y-pistola-aire-caliente-700w-baku\/\",\"url\":\"https:\/\/tuferreteria.online\/hazlo-tu-mismo\/tienda\/ferreteria\/herramienta-electrica\/estacion-soldar-y-pistola-aire-caliente-700w-baku\/\",\"name\":\"ESTACI\u00d3N SOLDAR + PISTOLA AIRE CALIENTE 700W BAKU - Tienda de tuferreteria.online by Ferreter\u00eda La Salle\",\"isPartOf\":{\"@id\":\"https:\/\/tuferreteria.online\/hazlo-tu-mismo\/#website\"},\"primaryImageOfPage\":{\"@id\":\"https:\/\/tuferreteria.online\/hazlo-tu-mismo\/tienda\/ferreteria\/herramienta-electrica\/estacion-soldar-y-pistola-aire-caliente-700w-baku\/#primaryimage\"},\"image\":{\"@id\":\"https:\/\/tuferreteria.online\/hazlo-tu-mismo\/tienda\/ferreteria\/herramienta-electrica\/estacion-soldar-y-pistola-aire-caliente-700w-baku\/#primaryimage\"},\"thumbnailUrl\":\"https:\/\/tuferreteria.online\/hazlo-tu-mismo\/wp-content\/uploads\/2016\/05\/ESTACION-SOLDAR-BAU-942.jpg\",\"datePublished\":\"2021-01-13T12:20:19+00:00\",\"dateModified\":\"2026-03-11T10:25:50+00:00\",\"description\":\"La estaci\u00f3n de soldar + pistola de aire caliente tiene 700 W. Tiene un dise\u00f1o compacto y con bajo ruido.\",\"breadcrumb\":{\"@id\":\"https:\/\/tuferreteria.online\/hazlo-tu-mismo\/tienda\/ferreteria\/herramienta-electrica\/estacion-soldar-y-pistola-aire-caliente-700w-baku\/#breadcrumb\"},\"inLanguage\":\"es\",\"potentialAction\":[{\"@type\":\"ReadAction\",\"target\":[\"https:\/\/tuferreteria.online\/hazlo-tu-mismo\/tienda\/ferreteria\/herramienta-electrica\/estacion-soldar-y-pistola-aire-caliente-700w-baku\/\"]}]},{\"@type\":\"ImageObject\",\"inLanguage\":\"es\",\"@id\":\"https:\/\/tuferreteria.online\/hazlo-tu-mismo\/tienda\/ferreteria\/herramienta-electrica\/estacion-soldar-y-pistola-aire-caliente-700w-baku\/#primaryimage\",\"url\":\"https:\/\/tuferreteria.online\/hazlo-tu-mismo\/wp-content\/uploads\/2016\/05\/ESTACION-SOLDAR-BAU-942.jpg\",\"contentUrl\":\"https:\/\/tuferreteria.online\/hazlo-tu-mismo\/wp-content\/uploads\/2016\/05\/ESTACION-SOLDAR-BAU-942.jpg\",\"width\":600,\"height\":600,\"caption\":\"ESTACI\u00d3N-SOLDAR-BAU-942\"},{\"@type\":\"BreadcrumbList\",\"@id\":\"https:\/\/tuferreteria.online\/hazlo-tu-mismo\/tienda\/ferreteria\/herramienta-electrica\/estacion-soldar-y-pistola-aire-caliente-700w-baku\/#breadcrumb\",\"itemListElement\":[{\"@type\":\"ListItem\",\"position\":1,\"name\":\"Portada\",\"item\":\"https:\/\/tuferreteria.online\/hazlo-tu-mismo\/\"},{\"@type\":\"ListItem\",\"position\":2,\"name\":\"Tienda\",\"item\":\"https:\/\/tuferreteria.online\/hazlo-tu-mismo\/tienda\/\"},{\"@type\":\"ListItem\",\"position\":3,\"name\":\"ESTACI\u00d3N SOLDAR + PISTOLA AIRE CALIENTE 700W BAKU\"}]},{\"@type\":\"WebSite\",\"@id\":\"https:\/\/tuferreteria.online\/hazlo-tu-mismo\/#website\",\"url\":\"https:\/\/tuferreteria.online\/hazlo-tu-mismo\/\",\"name\":\"Tienda de tuferreteria.online by Ferreter\u00eda La Salle\",\"description\":\"Hazlo tu mismo\",\"potentialAction\":[{\"@type\":\"SearchAction\",\"target\":{\"@type\":\"EntryPoint\",\"urlTemplate\":\"https:\/\/tuferreteria.online\/hazlo-tu-mismo\/?s={search_term_string}\"},\"query-input\":{\"@type\":\"PropertyValueSpecification\",\"valueRequired\":true,\"valueName\":\"search_term_string\"}}],\"inLanguage\":\"es\"}]}<\/script>\n<!-- \/ Yoast SEO plugin. -->","yoast_head_json":{"title":"ESTACI\u00d3N SOLDAR + PISTOLA AIRE CALIENTE 700W BAKU - Tienda de tuferreteria.online by Ferreter\u00eda La Salle","description":"La estaci\u00f3n de soldar + pistola de aire caliente tiene 700 W. Tiene un dise\u00f1o compacto y con bajo ruido.","robots":{"index":"index","follow":"follow","max-snippet":"max-snippet:-1","max-image-preview":"max-image-preview:large","max-video-preview":"max-video-preview:-1"},"canonical":"https:\/\/tuferreteria.online\/hazlo-tu-mismo\/tienda\/ferreteria\/herramienta-electrica\/estacion-soldar-y-pistola-aire-caliente-700w-baku\/","og_locale":"es_ES","og_type":"article","og_title":"ESTACI\u00d3N SOLDAR + PISTOLA AIRE CALIENTE 700W BAKU - Tienda de tuferreteria.online by Ferreter\u00eda La Salle","og_description":"La estaci\u00f3n de soldar + pistola de aire caliente tiene 700 W. Tiene un dise\u00f1o compacto y con bajo ruido.","og_url":"https:\/\/tuferreteria.online\/hazlo-tu-mismo\/tienda\/ferreteria\/herramienta-electrica\/estacion-soldar-y-pistola-aire-caliente-700w-baku\/","og_site_name":"Tienda de tuferreteria.online by Ferreter\u00eda La Salle","article_modified_time":"2026-03-11T10:25:50+00:00","og_image":[{"width":600,"height":600,"url":"https:\/\/tuferreteria.online\/hazlo-tu-mismo\/wp-content\/uploads\/2016\/05\/ESTACION-SOLDAR-BAU-942.jpg","type":"image\/jpeg"}],"twitter_card":"summary_large_image","schema":{"@context":"https:\/\/schema.org","@graph":[{"@type":"WebPage","@id":"https:\/\/tuferreteria.online\/hazlo-tu-mismo\/tienda\/ferreteria\/herramienta-electrica\/estacion-soldar-y-pistola-aire-caliente-700w-baku\/","url":"https:\/\/tuferreteria.online\/hazlo-tu-mismo\/tienda\/ferreteria\/herramienta-electrica\/estacion-soldar-y-pistola-aire-caliente-700w-baku\/","name":"ESTACI\u00d3N SOLDAR + PISTOLA AIRE CALIENTE 700W BAKU - Tienda de tuferreteria.online by Ferreter\u00eda La Salle","isPartOf":{"@id":"https:\/\/tuferreteria.online\/hazlo-tu-mismo\/#website"},"primaryImageOfPage":{"@id":"https:\/\/tuferreteria.online\/hazlo-tu-mismo\/tienda\/ferreteria\/herramienta-electrica\/estacion-soldar-y-pistola-aire-caliente-700w-baku\/#primaryimage"},"image":{"@id":"https:\/\/tuferreteria.online\/hazlo-tu-mismo\/tienda\/ferreteria\/herramienta-electrica\/estacion-soldar-y-pistola-aire-caliente-700w-baku\/#primaryimage"},"thumbnailUrl":"https:\/\/tuferreteria.online\/hazlo-tu-mismo\/wp-content\/uploads\/2016\/05\/ESTACION-SOLDAR-BAU-942.jpg","datePublished":"2021-01-13T12:20:19+00:00","dateModified":"2026-03-11T10:25:50+00:00","description":"La estaci\u00f3n de soldar + pistola de aire caliente tiene 700 W. Tiene un dise\u00f1o compacto y con bajo ruido.","breadcrumb":{"@id":"https:\/\/tuferreteria.online\/hazlo-tu-mismo\/tienda\/ferreteria\/herramienta-electrica\/estacion-soldar-y-pistola-aire-caliente-700w-baku\/#breadcrumb"},"inLanguage":"es","potentialAction":[{"@type":"ReadAction","target":["https:\/\/tuferreteria.online\/hazlo-tu-mismo\/tienda\/ferreteria\/herramienta-electrica\/estacion-soldar-y-pistola-aire-caliente-700w-baku\/"]}]},{"@type":"ImageObject","inLanguage":"es","@id":"https:\/\/tuferreteria.online\/hazlo-tu-mismo\/tienda\/ferreteria\/herramienta-electrica\/estacion-soldar-y-pistola-aire-caliente-700w-baku\/#primaryimage","url":"https:\/\/tuferreteria.online\/hazlo-tu-mismo\/wp-content\/uploads\/2016\/05\/ESTACION-SOLDAR-BAU-942.jpg","contentUrl":"https:\/\/tuferreteria.online\/hazlo-tu-mismo\/wp-content\/uploads\/2016\/05\/ESTACION-SOLDAR-BAU-942.jpg","width":600,"height":600,"caption":"ESTACI\u00d3N-SOLDAR-BAU-942"},{"@type":"BreadcrumbList","@id":"https:\/\/tuferreteria.online\/hazlo-tu-mismo\/tienda\/ferreteria\/herramienta-electrica\/estacion-soldar-y-pistola-aire-caliente-700w-baku\/#breadcrumb","itemListElement":[{"@type":"ListItem","position":1,"name":"Portada","item":"https:\/\/tuferreteria.online\/hazlo-tu-mismo\/"},{"@type":"ListItem","position":2,"name":"Tienda","item":"https:\/\/tuferreteria.online\/hazlo-tu-mismo\/tienda\/"},{"@type":"ListItem","position":3,"name":"ESTACI\u00d3N SOLDAR + PISTOLA AIRE CALIENTE 700W BAKU"}]},{"@type":"WebSite","@id":"https:\/\/tuferreteria.online\/hazlo-tu-mismo\/#website","url":"https:\/\/tuferreteria.online\/hazlo-tu-mismo\/","name":"Tienda de tuferreteria.online by Ferreter\u00eda La Salle","description":"Hazlo tu mismo","potentialAction":[{"@type":"SearchAction","target":{"@type":"EntryPoint","urlTemplate":"https:\/\/tuferreteria.online\/hazlo-tu-mismo\/?s={search_term_string}"},"query-input":{"@type":"PropertyValueSpecification","valueRequired":true,"valueName":"search_term_string"}}],"inLanguage":"es"}]}},"_links":{"self":[{"href":"https:\/\/tuferreteria.online\/hazlo-tu-mismo\/wp-json\/wp\/v2\/product\/24369","targetHints":{"allow":["GET"]}}],"collection":[{"href":"https:\/\/tuferreteria.online\/hazlo-tu-mismo\/wp-json\/wp\/v2\/product"}],"about":[{"href":"https:\/\/tuferreteria.online\/hazlo-tu-mismo\/wp-json\/wp\/v2\/types\/product"}],"replies":[{"embeddable":true,"href":"https:\/\/tuferreteria.online\/hazlo-tu-mismo\/wp-json\/wp\/v2\/comments?post=24369"}],"wp:featuredmedia":[{"embeddable":true,"href":"https:\/\/tuferreteria.online\/hazlo-tu-mismo\/wp-json\/wp\/v2\/media\/24397"}],"wp:attachment":[{"href":"https:\/\/tuferreteria.online\/hazlo-tu-mismo\/wp-json\/wp\/v2\/media?parent=24369"}],"wp:term":[{"taxonomy":"brand","embeddable":true,"href":"https:\/\/tuferreteria.online\/hazlo-tu-mismo\/wp-json\/wp\/v2\/etheme_brands?post=24369"},{"taxonomy":"product_brand","embeddable":true,"href":"https:\/\/tuferreteria.online\/hazlo-tu-mismo\/wp-json\/wp\/v2\/product_brand?post=24369"},{"taxonomy":"product_cat","embeddable":true,"href":"https:\/\/tuferreteria.online\/hazlo-tu-mismo\/wp-json\/wp\/v2\/product_cat?post=24369"},{"taxonomy":"product_tag","embeddable":true,"href":"https:\/\/tuferreteria.online\/hazlo-tu-mismo\/wp-json\/wp\/v2\/product_tag?post=24369"}],"curies":[{"name":"wp","href":"https:\/\/api.w.org\/{rel}","templated":true}]}}