{"id":25247,"date":"2021-04-16T12:39:58","date_gmt":"2021-04-16T11:39:58","guid":{"rendered":"https:\/\/tuferreteria.online\/hazlo-tu-mismo\/tienda\/sin%20categor\u00eda\/accesorio-dremel-disco-pulido-g120-s472-ez-speedcl\/"},"modified":"2026-03-11T11:17:09","modified_gmt":"2026-03-11T10:17:09","slug":"accesorio-dremel-disco-pulido-g120-s472-ez-speedcl","status":"publish","type":"product","link":"https:\/\/tuferreteria.online\/hazlo-tu-mismo\/tienda\/ferreteria\/herramienta-electrica\/accesorio-dremel-disco-pulido-g120-s472-ez-speedcl\/","title":{"rendered":"DISCO PULIDO DREMEL 472S"},"content":{"rendered":"<div class=\"wpb-content-wrapper\"><p>[vc_row][vc_column][vc_column_text]<\/p>\n<h2 style=\"text-align: center;\"><span style=\"font-size: 24pt; color: #f9e03a;\">Disco Pulido Dremel 472S<\/span><\/h2>\n<p>&nbsp;<\/p>\n<h3>Caracter\u00edsticas:<\/h3>\n<p>&nbsp;<\/p>\n<p>El disco de pulido 472S de Dremel es de 25 mm. y tiene un grano de 120.<\/p>\n<p>Te vendr\u00e1 estupendamente para tareas de lijado en contornos, detalles y zonas con un acceso dif\u00edcil.<\/p>\n<p>Ya que sus cerdas de goma tienen un abrasivo en el interior no necesitar\u00e1s a\u00f1adir ning\u00fan compuesto de pulido.<\/p>\n<p>Podr\u00e1s, con una ligera presi\u00f3n, retirar pintura o restos, sin da\u00f1ar la madera.<\/p>\n<p>Lo podr\u00e1s usar con el mandril SC402 EZ Lock y el mandril est\u00e1ndar 402.<\/p>\n<p>Lo podr\u00e1s usar en madera, aluminio, pl\u00e1stico, metal, acero y vinilo.<\/p>\n<p>La m\u00e1xima velocidad recomendada es de 15000 rpm.[\/vc_column_text][\/vc_column][\/vc_row][vc_row][vc_column][vc_video link=\u00bbhttps:\/\/youtu.be\/3mh64j8YxFs\u00bb][\/vc_column][\/vc_row]<\/p>\n<\/div>","protected":false},"excerpt":{"rendered":"<h2>DISCO PULIDO DREMEL G120 S472 EZ SPEEDCL<\/h2>\n","protected":false},"featured_media":25331,"comment_status":"closed","ping_status":"closed","template":"","meta":{"_exactmetrics_skip_tracking":false,"_exactmetrics_sitenote_active":false,"_exactmetrics_sitenote_note":"","_exactmetrics_sitenote_category":0,"_joinchat":[]},"etheme_brands":[{"term_id":276,"name":"DREMEL","slug":"dremel","term_group":0,"term_taxonomy_id":276,"taxonomy":"brand","description":"","parent":0,"count":25,"filter":"raw"}],"product_brand":[],"product_cat":[104,416,55],"product_tag":[1052,2406,2402,2379,2353,2405],"class_list":{"0":"post-25247","1":"product","2":"type-product","3":"status-publish","4":"has-post-thumbnail","6":"brand-dremel","7":"product_cat-minitaladros","8":"product_cat-ferreteria","9":"product_cat-herramienta-electrica","10":"product_tag-accesorio-para-dremel","11":"product_tag-disco-dremel-472s","12":"product_tag-disco-pulido-dremel","13":"product_tag-dremel-canarias","14":"product_tag-dremel-tenerife","15":"product_tag-s472-ez-speedcl","16":"product_shipping_class-envio-peso","18":"first","19":"instock","20":"taxable","21":"shipping-taxable","22":"purchasable","23":"product-type-simple"},"yoast_head":"<!-- This site is optimized with the Yoast SEO plugin v24.9 - https:\/\/yoast.com\/wordpress\/plugins\/seo\/ -->\n<title>DISCO PULIDO DREMEL 472S - Tienda de tuferreteria.online by Ferreter\u00eda La Salle<\/title>\n<meta name=\"description\" content=\"El disco de pulido 472S de Dremel es de 25 mm. y tiene un grano de 120. Te vendr\u00e1 estupendamente para tareas de lijado en contornos, detalles y zonas con un acceso dif\u00edcil.\" \/>\n<meta name=\"robots\" content=\"index, follow, max-snippet:-1, max-image-preview:large, max-video-preview:-1\" \/>\n<link rel=\"canonical\" href=\"https:\/\/tuferreteria.online\/hazlo-tu-mismo\/tienda\/ferreteria\/herramienta-electrica\/accesorio-dremel-disco-pulido-g120-s472-ez-speedcl\/\" \/>\n<meta property=\"og:locale\" content=\"es_ES\" \/>\n<meta property=\"og:type\" content=\"article\" \/>\n<meta property=\"og:title\" content=\"DISCO PULIDO DREMEL 472S - Tienda de tuferreteria.online by Ferreter\u00eda La Salle\" \/>\n<meta property=\"og:description\" content=\"El disco de pulido 472S de Dremel es de 25 mm. y tiene un grano de 120. Te vendr\u00e1 estupendamente para tareas de lijado en contornos, detalles y zonas con un acceso dif\u00edcil.\" \/>\n<meta property=\"og:url\" content=\"https:\/\/tuferreteria.online\/hazlo-tu-mismo\/tienda\/ferreteria\/herramienta-electrica\/accesorio-dremel-disco-pulido-g120-s472-ez-speedcl\/\" \/>\n<meta property=\"og:site_name\" content=\"Tienda de tuferreteria.online by Ferreter\u00eda La Salle\" \/>\n<meta property=\"article:modified_time\" content=\"2026-03-11T10:17:09+00:00\" \/>\n<meta property=\"og:image\" content=\"https:\/\/tuferreteria.online\/hazlo-tu-mismo\/wp-content\/uploads\/2021\/04\/ACCESORIO-DREMEL-S-472-FOTO.jpg\" \/>\n\t<meta property=\"og:image:width\" content=\"400\" \/>\n\t<meta property=\"og:image:height\" content=\"400\" \/>\n\t<meta property=\"og:image:type\" content=\"image\/jpeg\" \/>\n<meta name=\"twitter:card\" content=\"summary_large_image\" \/>\n<meta name=\"twitter:label1\" content=\"Tiempo de lectura\" \/>\n\t<meta name=\"twitter:data1\" content=\"1 minuto\" \/>\n<script type=\"application\/ld+json\" class=\"yoast-schema-graph\">{\"@context\":\"https:\/\/schema.org\",\"@graph\":[{\"@type\":\"WebPage\",\"@id\":\"https:\/\/tuferreteria.online\/hazlo-tu-mismo\/tienda\/ferreteria\/herramienta-electrica\/accesorio-dremel-disco-pulido-g120-s472-ez-speedcl\/\",\"url\":\"https:\/\/tuferreteria.online\/hazlo-tu-mismo\/tienda\/ferreteria\/herramienta-electrica\/accesorio-dremel-disco-pulido-g120-s472-ez-speedcl\/\",\"name\":\"DISCO PULIDO DREMEL 472S - Tienda de tuferreteria.online by Ferreter\u00eda La Salle\",\"isPartOf\":{\"@id\":\"https:\/\/tuferreteria.online\/hazlo-tu-mismo\/#website\"},\"primaryImageOfPage\":{\"@id\":\"https:\/\/tuferreteria.online\/hazlo-tu-mismo\/tienda\/ferreteria\/herramienta-electrica\/accesorio-dremel-disco-pulido-g120-s472-ez-speedcl\/#primaryimage\"},\"image\":{\"@id\":\"https:\/\/tuferreteria.online\/hazlo-tu-mismo\/tienda\/ferreteria\/herramienta-electrica\/accesorio-dremel-disco-pulido-g120-s472-ez-speedcl\/#primaryimage\"},\"thumbnailUrl\":\"https:\/\/tuferreteria.online\/hazlo-tu-mismo\/wp-content\/uploads\/2021\/04\/ACCESORIO-DREMEL-S-472-FOTO.jpg\",\"datePublished\":\"2021-04-16T11:39:58+00:00\",\"dateModified\":\"2026-03-11T10:17:09+00:00\",\"description\":\"El disco de pulido 472S de Dremel es de 25 mm. y tiene un grano de 120. Te vendr\u00e1 estupendamente para tareas de lijado en contornos, detalles y zonas con un acceso dif\u00edcil.\",\"breadcrumb\":{\"@id\":\"https:\/\/tuferreteria.online\/hazlo-tu-mismo\/tienda\/ferreteria\/herramienta-electrica\/accesorio-dremel-disco-pulido-g120-s472-ez-speedcl\/#breadcrumb\"},\"inLanguage\":\"es\",\"potentialAction\":[{\"@type\":\"ReadAction\",\"target\":[\"https:\/\/tuferreteria.online\/hazlo-tu-mismo\/tienda\/ferreteria\/herramienta-electrica\/accesorio-dremel-disco-pulido-g120-s472-ez-speedcl\/\"]}]},{\"@type\":\"ImageObject\",\"inLanguage\":\"es\",\"@id\":\"https:\/\/tuferreteria.online\/hazlo-tu-mismo\/tienda\/ferreteria\/herramienta-electrica\/accesorio-dremel-disco-pulido-g120-s472-ez-speedcl\/#primaryimage\",\"url\":\"https:\/\/tuferreteria.online\/hazlo-tu-mismo\/wp-content\/uploads\/2021\/04\/ACCESORIO-DREMEL-S-472-FOTO.jpg\",\"contentUrl\":\"https:\/\/tuferreteria.online\/hazlo-tu-mismo\/wp-content\/uploads\/2021\/04\/ACCESORIO-DREMEL-S-472-FOTO.jpg\",\"width\":400,\"height\":400,\"caption\":\"DISCO PULIDO DREMEL 472S\"},{\"@type\":\"BreadcrumbList\",\"@id\":\"https:\/\/tuferreteria.online\/hazlo-tu-mismo\/tienda\/ferreteria\/herramienta-electrica\/accesorio-dremel-disco-pulido-g120-s472-ez-speedcl\/#breadcrumb\",\"itemListElement\":[{\"@type\":\"ListItem\",\"position\":1,\"name\":\"Portada\",\"item\":\"https:\/\/tuferreteria.online\/hazlo-tu-mismo\/\"},{\"@type\":\"ListItem\",\"position\":2,\"name\":\"Tienda\",\"item\":\"https:\/\/tuferreteria.online\/hazlo-tu-mismo\/tienda\/\"},{\"@type\":\"ListItem\",\"position\":3,\"name\":\"DISCO PULIDO DREMEL 472S\"}]},{\"@type\":\"WebSite\",\"@id\":\"https:\/\/tuferreteria.online\/hazlo-tu-mismo\/#website\",\"url\":\"https:\/\/tuferreteria.online\/hazlo-tu-mismo\/\",\"name\":\"Tienda de tuferreteria.online by Ferreter\u00eda La Salle\",\"description\":\"Hazlo tu mismo\",\"potentialAction\":[{\"@type\":\"SearchAction\",\"target\":{\"@type\":\"EntryPoint\",\"urlTemplate\":\"https:\/\/tuferreteria.online\/hazlo-tu-mismo\/?s={search_term_string}\"},\"query-input\":{\"@type\":\"PropertyValueSpecification\",\"valueRequired\":true,\"valueName\":\"search_term_string\"}}],\"inLanguage\":\"es\"}]}<\/script>\n<!-- \/ Yoast SEO plugin. -->","yoast_head_json":{"title":"DISCO PULIDO DREMEL 472S - Tienda de tuferreteria.online by Ferreter\u00eda La Salle","description":"El disco de pulido 472S de Dremel es de 25 mm. y tiene un grano de 120. Te vendr\u00e1 estupendamente para tareas de lijado en contornos, detalles y zonas con un acceso dif\u00edcil.","robots":{"index":"index","follow":"follow","max-snippet":"max-snippet:-1","max-image-preview":"max-image-preview:large","max-video-preview":"max-video-preview:-1"},"canonical":"https:\/\/tuferreteria.online\/hazlo-tu-mismo\/tienda\/ferreteria\/herramienta-electrica\/accesorio-dremel-disco-pulido-g120-s472-ez-speedcl\/","og_locale":"es_ES","og_type":"article","og_title":"DISCO PULIDO DREMEL 472S - Tienda de tuferreteria.online by Ferreter\u00eda La Salle","og_description":"El disco de pulido 472S de Dremel es de 25 mm. y tiene un grano de 120. Te vendr\u00e1 estupendamente para tareas de lijado en contornos, detalles y zonas con un acceso dif\u00edcil.","og_url":"https:\/\/tuferreteria.online\/hazlo-tu-mismo\/tienda\/ferreteria\/herramienta-electrica\/accesorio-dremel-disco-pulido-g120-s472-ez-speedcl\/","og_site_name":"Tienda de tuferreteria.online by Ferreter\u00eda La Salle","article_modified_time":"2026-03-11T10:17:09+00:00","og_image":[{"width":400,"height":400,"url":"https:\/\/tuferreteria.online\/hazlo-tu-mismo\/wp-content\/uploads\/2021\/04\/ACCESORIO-DREMEL-S-472-FOTO.jpg","type":"image\/jpeg"}],"twitter_card":"summary_large_image","twitter_misc":{"Tiempo de lectura":"1 minuto"},"schema":{"@context":"https:\/\/schema.org","@graph":[{"@type":"WebPage","@id":"https:\/\/tuferreteria.online\/hazlo-tu-mismo\/tienda\/ferreteria\/herramienta-electrica\/accesorio-dremel-disco-pulido-g120-s472-ez-speedcl\/","url":"https:\/\/tuferreteria.online\/hazlo-tu-mismo\/tienda\/ferreteria\/herramienta-electrica\/accesorio-dremel-disco-pulido-g120-s472-ez-speedcl\/","name":"DISCO PULIDO DREMEL 472S - Tienda de tuferreteria.online by Ferreter\u00eda La Salle","isPartOf":{"@id":"https:\/\/tuferreteria.online\/hazlo-tu-mismo\/#website"},"primaryImageOfPage":{"@id":"https:\/\/tuferreteria.online\/hazlo-tu-mismo\/tienda\/ferreteria\/herramienta-electrica\/accesorio-dremel-disco-pulido-g120-s472-ez-speedcl\/#primaryimage"},"image":{"@id":"https:\/\/tuferreteria.online\/hazlo-tu-mismo\/tienda\/ferreteria\/herramienta-electrica\/accesorio-dremel-disco-pulido-g120-s472-ez-speedcl\/#primaryimage"},"thumbnailUrl":"https:\/\/tuferreteria.online\/hazlo-tu-mismo\/wp-content\/uploads\/2021\/04\/ACCESORIO-DREMEL-S-472-FOTO.jpg","datePublished":"2021-04-16T11:39:58+00:00","dateModified":"2026-03-11T10:17:09+00:00","description":"El disco de pulido 472S de Dremel es de 25 mm. y tiene un grano de 120. Te vendr\u00e1 estupendamente para tareas de lijado en contornos, detalles y zonas con un acceso dif\u00edcil.","breadcrumb":{"@id":"https:\/\/tuferreteria.online\/hazlo-tu-mismo\/tienda\/ferreteria\/herramienta-electrica\/accesorio-dremel-disco-pulido-g120-s472-ez-speedcl\/#breadcrumb"},"inLanguage":"es","potentialAction":[{"@type":"ReadAction","target":["https:\/\/tuferreteria.online\/hazlo-tu-mismo\/tienda\/ferreteria\/herramienta-electrica\/accesorio-dremel-disco-pulido-g120-s472-ez-speedcl\/"]}]},{"@type":"ImageObject","inLanguage":"es","@id":"https:\/\/tuferreteria.online\/hazlo-tu-mismo\/tienda\/ferreteria\/herramienta-electrica\/accesorio-dremel-disco-pulido-g120-s472-ez-speedcl\/#primaryimage","url":"https:\/\/tuferreteria.online\/hazlo-tu-mismo\/wp-content\/uploads\/2021\/04\/ACCESORIO-DREMEL-S-472-FOTO.jpg","contentUrl":"https:\/\/tuferreteria.online\/hazlo-tu-mismo\/wp-content\/uploads\/2021\/04\/ACCESORIO-DREMEL-S-472-FOTO.jpg","width":400,"height":400,"caption":"DISCO PULIDO DREMEL 472S"},{"@type":"BreadcrumbList","@id":"https:\/\/tuferreteria.online\/hazlo-tu-mismo\/tienda\/ferreteria\/herramienta-electrica\/accesorio-dremel-disco-pulido-g120-s472-ez-speedcl\/#breadcrumb","itemListElement":[{"@type":"ListItem","position":1,"name":"Portada","item":"https:\/\/tuferreteria.online\/hazlo-tu-mismo\/"},{"@type":"ListItem","position":2,"name":"Tienda","item":"https:\/\/tuferreteria.online\/hazlo-tu-mismo\/tienda\/"},{"@type":"ListItem","position":3,"name":"DISCO PULIDO DREMEL 472S"}]},{"@type":"WebSite","@id":"https:\/\/tuferreteria.online\/hazlo-tu-mismo\/#website","url":"https:\/\/tuferreteria.online\/hazlo-tu-mismo\/","name":"Tienda de tuferreteria.online by Ferreter\u00eda La Salle","description":"Hazlo tu mismo","potentialAction":[{"@type":"SearchAction","target":{"@type":"EntryPoint","urlTemplate":"https:\/\/tuferreteria.online\/hazlo-tu-mismo\/?s={search_term_string}"},"query-input":{"@type":"PropertyValueSpecification","valueRequired":true,"valueName":"search_term_string"}}],"inLanguage":"es"}]}},"_links":{"self":[{"href":"https:\/\/tuferreteria.online\/hazlo-tu-mismo\/wp-json\/wp\/v2\/product\/25247","targetHints":{"allow":["GET"]}}],"collection":[{"href":"https:\/\/tuferreteria.online\/hazlo-tu-mismo\/wp-json\/wp\/v2\/product"}],"about":[{"href":"https:\/\/tuferreteria.online\/hazlo-tu-mismo\/wp-json\/wp\/v2\/types\/product"}],"replies":[{"embeddable":true,"href":"https:\/\/tuferreteria.online\/hazlo-tu-mismo\/wp-json\/wp\/v2\/comments?post=25247"}],"wp:featuredmedia":[{"embeddable":true,"href":"https:\/\/tuferreteria.online\/hazlo-tu-mismo\/wp-json\/wp\/v2\/media\/25331"}],"wp:attachment":[{"href":"https:\/\/tuferreteria.online\/hazlo-tu-mismo\/wp-json\/wp\/v2\/media?parent=25247"}],"wp:term":[{"taxonomy":"brand","embeddable":true,"href":"https:\/\/tuferreteria.online\/hazlo-tu-mismo\/wp-json\/wp\/v2\/etheme_brands?post=25247"},{"taxonomy":"product_brand","embeddable":true,"href":"https:\/\/tuferreteria.online\/hazlo-tu-mismo\/wp-json\/wp\/v2\/product_brand?post=25247"},{"taxonomy":"product_cat","embeddable":true,"href":"https:\/\/tuferreteria.online\/hazlo-tu-mismo\/wp-json\/wp\/v2\/product_cat?post=25247"},{"taxonomy":"product_tag","embeddable":true,"href":"https:\/\/tuferreteria.online\/hazlo-tu-mismo\/wp-json\/wp\/v2\/product_tag?post=25247"}],"curies":[{"name":"wp","href":"https:\/\/api.w.org\/{rel}","templated":true}]}}