{"id":32391,"date":"2026-04-09T09:30:27","date_gmt":"2026-04-09T08:30:27","guid":{"rendered":"https:\/\/tuferreteria.online\/hazlo-tu-mismo\/?post_type=product&#038;p=32391"},"modified":"2026-04-09T09:50:44","modified_gmt":"2026-04-09T08:50:44","slug":"gancho-colgar-en-yeso","status":"publish","type":"product","link":"https:\/\/tuferreteria.online\/hazlo-tu-mismo\/tienda\/hogar\/decoracion\/perchas-colgadores\/gancho-colgar-en-yeso\/","title":{"rendered":"GANCHO PARA COLGAR EN PAREDES DE YESO"},"content":{"rendered":"<div class=\"wpb-content-wrapper\"><p>[vc_row][vc_column][vc_column_text]<\/p>\n<h2 style=\"text-align: center;\"><span style=\"font-size: 24pt; color: #f9e03a;\">Gancho Colgador Paredes Yeso<\/span><\/h2>\n<p>&nbsp;<\/p>\n<h3>Caracter\u00edsticas:<\/h3>\n<p>&nbsp;<\/p>\n<p style=\"text-align: justify;\">Con los ganchos para fijar objetos en paredes de yeso, te ser\u00e1 mucho m\u00e1s sencillo y limpio decorar tu hogar u oficina.<\/p>\n<p>Apoyar, presionar y listo.<\/p>\n<p>Los tienes disponibles en paquetes de 2 gancho, podr\u00e1s optar para colgar objetos de m\u00e1ximo de 11 kg. o de m\u00e1ximo 20 kg.<\/p>\n<p>Est\u00e1n fabricados en acero endurecido para que sean seguros en un fijaci\u00f3n en cart\u00f3n yeso.<\/p>\n<p style=\"text-align: justify;\">No lo pienses m\u00e1s y simplifica tus tareas de bricolaje.<\/p>\n<p style=\"text-align: justify;\">Escoge el tuyo en las variaciones.<\/p>\n<p>[\/vc_column_text][\/vc_column][\/vc_row]<\/p>\n<\/div>","protected":false},"excerpt":{"rendered":"<h2>CUELGA OBJETOS PARA PAREDES DE PLADUR<\/h2>\n","protected":false},"featured_media":32396,"comment_status":"closed","ping_status":"closed","template":"","meta":{"_exactmetrics_skip_tracking":false,"_exactmetrics_sitenote_active":false,"_exactmetrics_sitenote_note":"","_exactmetrics_sitenote_category":0,"_joinchat":[]},"etheme_brands":[{"term_id":3504,"name":"3M","slug":"3m","term_group":0,"term_taxonomy_id":3504,"taxonomy":"brand","description":"","parent":0,"count":2,"filter":"raw"}],"product_brand":[],"product_cat":[416,2463,78,418],"product_tag":[1137,420,1138,581,2627,584,421,583,582],"class_list":{"0":"post-32391","1":"product","2":"type-product","3":"status-publish","4":"has-post-thumbnail","6":"brand-3m","7":"product_cat-ferreteria","8":"product_cat-fijaciones","9":"product_cat-hogar","10":"product_cat-perchas-colgadores","11":"product_tag-clavos","12":"product_tag-colgador","13":"product_tag-colgar-un-cuadro","14":"product_tag-cuadro","15":"product_tag-cuelga-cuadros-facil-tenerife","16":"product_tag-gancho","17":"product_tag-percha","18":"product_tag-pladur","19":"product_tag-soporte","20":"product_shipping_class-envio-peso","22":"first","23":"instock","24":"taxable","25":"shipping-taxable","26":"purchasable","27":"product-type-variable"},"yoast_head":"<!-- This site is optimized with the Yoast SEO plugin v24.9 - https:\/\/yoast.com\/wordpress\/plugins\/seo\/ -->\n<title>GANCHO PARA COLGAR EN PAREDES DE YESO - Tienda de tuferreteria.online by Ferreter\u00eda La Salle<\/title>\n<meta name=\"description\" content=\"Con los ganchos para fijar objetos en paredes de yeso, te ser\u00e1 mucho m\u00e1s sencillo y limpio decorar tu hogar u oficina. Apoyar, presionar y listo.\" \/>\n<meta name=\"robots\" content=\"index, follow, max-snippet:-1, max-image-preview:large, max-video-preview:-1\" \/>\n<link rel=\"canonical\" href=\"https:\/\/tuferreteria.online\/hazlo-tu-mismo\/tienda\/hogar\/decoracion\/perchas-colgadores\/gancho-colgar-en-yeso\/\" \/>\n<meta property=\"og:locale\" content=\"es_ES\" \/>\n<meta property=\"og:type\" content=\"article\" \/>\n<meta property=\"og:title\" content=\"GANCHO PARA COLGAR EN PAREDES DE YESO - Tienda de tuferreteria.online by Ferreter\u00eda La Salle\" \/>\n<meta property=\"og:description\" content=\"Con los ganchos para fijar objetos en paredes de yeso, te ser\u00e1 mucho m\u00e1s sencillo y limpio decorar tu hogar u oficina. Apoyar, presionar y listo.\" \/>\n<meta property=\"og:url\" content=\"https:\/\/tuferreteria.online\/hazlo-tu-mismo\/tienda\/hogar\/decoracion\/perchas-colgadores\/gancho-colgar-en-yeso\/\" \/>\n<meta property=\"og:site_name\" content=\"Tienda de tuferreteria.online by Ferreter\u00eda La Salle\" \/>\n<meta property=\"article:modified_time\" content=\"2026-04-09T08:50:44+00:00\" \/>\n<meta property=\"og:image\" content=\"https:\/\/tuferreteria.online\/hazlo-tu-mismo\/wp-content\/uploads\/2026\/04\/GANCHO-3M-COLGAR-EN-YESO-2.jpg\" \/>\n\t<meta property=\"og:image:width\" content=\"406\" \/>\n\t<meta property=\"og:image:height\" content=\"406\" \/>\n\t<meta property=\"og:image:type\" content=\"image\/jpeg\" \/>\n<meta name=\"twitter:card\" content=\"summary_large_image\" \/>\n<meta name=\"twitter:label1\" content=\"Tiempo de lectura\" \/>\n\t<meta name=\"twitter:data1\" content=\"1 minuto\" \/>\n<script type=\"application\/ld+json\" class=\"yoast-schema-graph\">{\"@context\":\"https:\/\/schema.org\",\"@graph\":[{\"@type\":\"WebPage\",\"@id\":\"https:\/\/tuferreteria.online\/hazlo-tu-mismo\/tienda\/hogar\/decoracion\/perchas-colgadores\/gancho-colgar-en-yeso\/\",\"url\":\"https:\/\/tuferreteria.online\/hazlo-tu-mismo\/tienda\/hogar\/decoracion\/perchas-colgadores\/gancho-colgar-en-yeso\/\",\"name\":\"GANCHO PARA COLGAR EN PAREDES DE YESO - Tienda de tuferreteria.online by Ferreter\u00eda La Salle\",\"isPartOf\":{\"@id\":\"https:\/\/tuferreteria.online\/hazlo-tu-mismo\/#website\"},\"primaryImageOfPage\":{\"@id\":\"https:\/\/tuferreteria.online\/hazlo-tu-mismo\/tienda\/hogar\/decoracion\/perchas-colgadores\/gancho-colgar-en-yeso\/#primaryimage\"},\"image\":{\"@id\":\"https:\/\/tuferreteria.online\/hazlo-tu-mismo\/tienda\/hogar\/decoracion\/perchas-colgadores\/gancho-colgar-en-yeso\/#primaryimage\"},\"thumbnailUrl\":\"https:\/\/tuferreteria.online\/hazlo-tu-mismo\/wp-content\/uploads\/2026\/04\/GANCHO-3M-COLGAR-EN-YESO-2.jpg\",\"datePublished\":\"2026-04-09T08:30:27+00:00\",\"dateModified\":\"2026-04-09T08:50:44+00:00\",\"description\":\"Con los ganchos para fijar objetos en paredes de yeso, te ser\u00e1 mucho m\u00e1s sencillo y limpio decorar tu hogar u oficina. Apoyar, presionar y listo.\",\"breadcrumb\":{\"@id\":\"https:\/\/tuferreteria.online\/hazlo-tu-mismo\/tienda\/hogar\/decoracion\/perchas-colgadores\/gancho-colgar-en-yeso\/#breadcrumb\"},\"inLanguage\":\"es\",\"potentialAction\":[{\"@type\":\"ReadAction\",\"target\":[\"https:\/\/tuferreteria.online\/hazlo-tu-mismo\/tienda\/hogar\/decoracion\/perchas-colgadores\/gancho-colgar-en-yeso\/\"]}]},{\"@type\":\"ImageObject\",\"inLanguage\":\"es\",\"@id\":\"https:\/\/tuferreteria.online\/hazlo-tu-mismo\/tienda\/hogar\/decoracion\/perchas-colgadores\/gancho-colgar-en-yeso\/#primaryimage\",\"url\":\"https:\/\/tuferreteria.online\/hazlo-tu-mismo\/wp-content\/uploads\/2026\/04\/GANCHO-3M-COLGAR-EN-YESO-2.jpg\",\"contentUrl\":\"https:\/\/tuferreteria.online\/hazlo-tu-mismo\/wp-content\/uploads\/2026\/04\/GANCHO-3M-COLGAR-EN-YESO-2.jpg\",\"width\":406,\"height\":406,\"caption\":\"GANCHO-3M-COLGAR-EN-YESO\"},{\"@type\":\"BreadcrumbList\",\"@id\":\"https:\/\/tuferreteria.online\/hazlo-tu-mismo\/tienda\/hogar\/decoracion\/perchas-colgadores\/gancho-colgar-en-yeso\/#breadcrumb\",\"itemListElement\":[{\"@type\":\"ListItem\",\"position\":1,\"name\":\"Portada\",\"item\":\"https:\/\/tuferreteria.online\/hazlo-tu-mismo\/\"},{\"@type\":\"ListItem\",\"position\":2,\"name\":\"Tienda\",\"item\":\"https:\/\/tuferreteria.online\/hazlo-tu-mismo\/tienda\/\"},{\"@type\":\"ListItem\",\"position\":3,\"name\":\"GANCHO PARA COLGAR EN PAREDES DE YESO\"}]},{\"@type\":\"WebSite\",\"@id\":\"https:\/\/tuferreteria.online\/hazlo-tu-mismo\/#website\",\"url\":\"https:\/\/tuferreteria.online\/hazlo-tu-mismo\/\",\"name\":\"Tienda de tuferreteria.online by Ferreter\u00eda La Salle\",\"description\":\"Hazlo tu mismo\",\"potentialAction\":[{\"@type\":\"SearchAction\",\"target\":{\"@type\":\"EntryPoint\",\"urlTemplate\":\"https:\/\/tuferreteria.online\/hazlo-tu-mismo\/?s={search_term_string}\"},\"query-input\":{\"@type\":\"PropertyValueSpecification\",\"valueRequired\":true,\"valueName\":\"search_term_string\"}}],\"inLanguage\":\"es\"}]}<\/script>\n<!-- \/ Yoast SEO plugin. -->","yoast_head_json":{"title":"GANCHO PARA COLGAR EN PAREDES DE YESO - Tienda de tuferreteria.online by Ferreter\u00eda La Salle","description":"Con los ganchos para fijar objetos en paredes de yeso, te ser\u00e1 mucho m\u00e1s sencillo y limpio decorar tu hogar u oficina. Apoyar, presionar y listo.","robots":{"index":"index","follow":"follow","max-snippet":"max-snippet:-1","max-image-preview":"max-image-preview:large","max-video-preview":"max-video-preview:-1"},"canonical":"https:\/\/tuferreteria.online\/hazlo-tu-mismo\/tienda\/hogar\/decoracion\/perchas-colgadores\/gancho-colgar-en-yeso\/","og_locale":"es_ES","og_type":"article","og_title":"GANCHO PARA COLGAR EN PAREDES DE YESO - Tienda de tuferreteria.online by Ferreter\u00eda La Salle","og_description":"Con los ganchos para fijar objetos en paredes de yeso, te ser\u00e1 mucho m\u00e1s sencillo y limpio decorar tu hogar u oficina. Apoyar, presionar y listo.","og_url":"https:\/\/tuferreteria.online\/hazlo-tu-mismo\/tienda\/hogar\/decoracion\/perchas-colgadores\/gancho-colgar-en-yeso\/","og_site_name":"Tienda de tuferreteria.online by Ferreter\u00eda La Salle","article_modified_time":"2026-04-09T08:50:44+00:00","og_image":[{"width":406,"height":406,"url":"https:\/\/tuferreteria.online\/hazlo-tu-mismo\/wp-content\/uploads\/2026\/04\/GANCHO-3M-COLGAR-EN-YESO-2.jpg","type":"image\/jpeg"}],"twitter_card":"summary_large_image","twitter_misc":{"Tiempo de lectura":"1 minuto"},"schema":{"@context":"https:\/\/schema.org","@graph":[{"@type":"WebPage","@id":"https:\/\/tuferreteria.online\/hazlo-tu-mismo\/tienda\/hogar\/decoracion\/perchas-colgadores\/gancho-colgar-en-yeso\/","url":"https:\/\/tuferreteria.online\/hazlo-tu-mismo\/tienda\/hogar\/decoracion\/perchas-colgadores\/gancho-colgar-en-yeso\/","name":"GANCHO PARA COLGAR EN PAREDES DE YESO - Tienda de tuferreteria.online by Ferreter\u00eda La Salle","isPartOf":{"@id":"https:\/\/tuferreteria.online\/hazlo-tu-mismo\/#website"},"primaryImageOfPage":{"@id":"https:\/\/tuferreteria.online\/hazlo-tu-mismo\/tienda\/hogar\/decoracion\/perchas-colgadores\/gancho-colgar-en-yeso\/#primaryimage"},"image":{"@id":"https:\/\/tuferreteria.online\/hazlo-tu-mismo\/tienda\/hogar\/decoracion\/perchas-colgadores\/gancho-colgar-en-yeso\/#primaryimage"},"thumbnailUrl":"https:\/\/tuferreteria.online\/hazlo-tu-mismo\/wp-content\/uploads\/2026\/04\/GANCHO-3M-COLGAR-EN-YESO-2.jpg","datePublished":"2026-04-09T08:30:27+00:00","dateModified":"2026-04-09T08:50:44+00:00","description":"Con los ganchos para fijar objetos en paredes de yeso, te ser\u00e1 mucho m\u00e1s sencillo y limpio decorar tu hogar u oficina. Apoyar, presionar y listo.","breadcrumb":{"@id":"https:\/\/tuferreteria.online\/hazlo-tu-mismo\/tienda\/hogar\/decoracion\/perchas-colgadores\/gancho-colgar-en-yeso\/#breadcrumb"},"inLanguage":"es","potentialAction":[{"@type":"ReadAction","target":["https:\/\/tuferreteria.online\/hazlo-tu-mismo\/tienda\/hogar\/decoracion\/perchas-colgadores\/gancho-colgar-en-yeso\/"]}]},{"@type":"ImageObject","inLanguage":"es","@id":"https:\/\/tuferreteria.online\/hazlo-tu-mismo\/tienda\/hogar\/decoracion\/perchas-colgadores\/gancho-colgar-en-yeso\/#primaryimage","url":"https:\/\/tuferreteria.online\/hazlo-tu-mismo\/wp-content\/uploads\/2026\/04\/GANCHO-3M-COLGAR-EN-YESO-2.jpg","contentUrl":"https:\/\/tuferreteria.online\/hazlo-tu-mismo\/wp-content\/uploads\/2026\/04\/GANCHO-3M-COLGAR-EN-YESO-2.jpg","width":406,"height":406,"caption":"GANCHO-3M-COLGAR-EN-YESO"},{"@type":"BreadcrumbList","@id":"https:\/\/tuferreteria.online\/hazlo-tu-mismo\/tienda\/hogar\/decoracion\/perchas-colgadores\/gancho-colgar-en-yeso\/#breadcrumb","itemListElement":[{"@type":"ListItem","position":1,"name":"Portada","item":"https:\/\/tuferreteria.online\/hazlo-tu-mismo\/"},{"@type":"ListItem","position":2,"name":"Tienda","item":"https:\/\/tuferreteria.online\/hazlo-tu-mismo\/tienda\/"},{"@type":"ListItem","position":3,"name":"GANCHO PARA COLGAR EN PAREDES DE YESO"}]},{"@type":"WebSite","@id":"https:\/\/tuferreteria.online\/hazlo-tu-mismo\/#website","url":"https:\/\/tuferreteria.online\/hazlo-tu-mismo\/","name":"Tienda de tuferreteria.online by Ferreter\u00eda La Salle","description":"Hazlo tu mismo","potentialAction":[{"@type":"SearchAction","target":{"@type":"EntryPoint","urlTemplate":"https:\/\/tuferreteria.online\/hazlo-tu-mismo\/?s={search_term_string}"},"query-input":{"@type":"PropertyValueSpecification","valueRequired":true,"valueName":"search_term_string"}}],"inLanguage":"es"}]}},"_links":{"self":[{"href":"https:\/\/tuferreteria.online\/hazlo-tu-mismo\/wp-json\/wp\/v2\/product\/32391","targetHints":{"allow":["GET"]}}],"collection":[{"href":"https:\/\/tuferreteria.online\/hazlo-tu-mismo\/wp-json\/wp\/v2\/product"}],"about":[{"href":"https:\/\/tuferreteria.online\/hazlo-tu-mismo\/wp-json\/wp\/v2\/types\/product"}],"replies":[{"embeddable":true,"href":"https:\/\/tuferreteria.online\/hazlo-tu-mismo\/wp-json\/wp\/v2\/comments?post=32391"}],"wp:featuredmedia":[{"embeddable":true,"href":"https:\/\/tuferreteria.online\/hazlo-tu-mismo\/wp-json\/wp\/v2\/media\/32396"}],"wp:attachment":[{"href":"https:\/\/tuferreteria.online\/hazlo-tu-mismo\/wp-json\/wp\/v2\/media?parent=32391"}],"wp:term":[{"taxonomy":"brand","embeddable":true,"href":"https:\/\/tuferreteria.online\/hazlo-tu-mismo\/wp-json\/wp\/v2\/etheme_brands?post=32391"},{"taxonomy":"product_brand","embeddable":true,"href":"https:\/\/tuferreteria.online\/hazlo-tu-mismo\/wp-json\/wp\/v2\/product_brand?post=32391"},{"taxonomy":"product_cat","embeddable":true,"href":"https:\/\/tuferreteria.online\/hazlo-tu-mismo\/wp-json\/wp\/v2\/product_cat?post=32391"},{"taxonomy":"product_tag","embeddable":true,"href":"https:\/\/tuferreteria.online\/hazlo-tu-mismo\/wp-json\/wp\/v2\/product_tag?post=32391"}],"curies":[{"name":"wp","href":"https:\/\/api.w.org\/{rel}","templated":true}]}}