{"id":8584,"date":"2018-11-05T12:37:59","date_gmt":"2018-11-05T11:37:59","guid":{"rendered":"https:\/\/tuferreteria.online\/hazlo-tu-mismo\/tienda\/sin%20categorizar\/recambio-minirodillo-de-15cm-multi-superficie\/"},"modified":"2026-03-11T11:18:33","modified_gmt":"2026-03-11T10:18:33","slug":"recambio-rodillo-15cm-2","status":"publish","type":"product","link":"https:\/\/tuferreteria.online\/hazlo-tu-mismo\/tienda\/pintura-decoracion\/pintura\/rodillos-accesorios\/recambio-rodillo-15cm-2\/","title":{"rendered":"RECAMBIO RODILLO 15CM MULTI-SUPERFICIE"},"content":{"rendered":"<div class=\"wpb-content-wrapper\"><p>[vc_row][vc_column][vc_column_text]<\/p>\n<h2 style=\"text-align: center;\"><span style=\"font-size: 24pt; color: #f9e03a;\">Recambio Rodillo Multi Superficie<\/span><\/h2>\n<p>&nbsp;<\/p>\n<h3>Caracter\u00edsticas:<\/h3>\n<p>&nbsp;<\/p>\n<p style=\"text-align: justify;\">El recambio de rodillo lo podr\u00e1s usar para todo tipo de superficies.<\/p>\n<p style=\"text-align: justify;\">Te dar\u00e1 un acabado liso y fino y lo podr\u00e1s usar tanto en pinturas al agua como al disolvente.<\/p>\n<p style=\"text-align: justify;\">Tiene un largo de 15 cm.<\/p>\n<h4><span style=\"color: #f9e03a;\">Consejos de utilizaci\u00f3n:<\/span><\/h4>\n<p>Hacer girar el rodillo.<\/p>\n<p>Aplicar la pintura haciendo girar el rodillo en todos los sentidos.<\/p>\n<p>Terminar con una pasada suave girando en el mismo sentido.<\/p>\n<p>Limpiar con agua o disolvente para eliminar la pintura y dejar secar.[\/vc_column_text][\/vc_column][\/vc_row]<\/p>\n<\/div>","protected":false},"excerpt":{"rendered":"<h2>RECAMBIO RODILLO 15 CM. MULTI-SUPERFICIE<\/h2>\n","protected":false},"featured_media":26647,"comment_status":"closed","ping_status":"closed","template":"","meta":{"_exactmetrics_skip_tracking":false,"_exactmetrics_sitenote_active":false,"_exactmetrics_sitenote_note":"","_exactmetrics_sitenote_category":0,"_joinchat":[]},"etheme_brands":[{"term_id":151,"name":"PROFER","slug":"profer","term_group":0,"term_taxonomy_id":151,"taxonomy":"brand","description":"","parent":0,"count":24,"filter":"raw"}],"product_brand":[],"product_cat":[48,51],"product_tag":[2531,2532,153,2564,1119],"class_list":{"0":"post-8584","1":"product","2":"type-product","3":"status-publish","4":"has-post-thumbnail","6":"brand-profer","7":"product_cat-pintura-decoracion","8":"product_cat-rodillos-accesorios","9":"product_tag-comprar-recambio-rodillo","10":"product_tag-mini-rodillo-para-pintar","11":"product_tag-recambio-rodillo","12":"product_tag-rodillo-para-paredes","13":"product_tag-rodillo-para-pintar","14":"product_shipping_class-envio-peso","16":"first","17":"instock","18":"taxable","19":"shipping-taxable","20":"purchasable","21":"product-type-simple"},"yoast_head":"<!-- This site is optimized with the Yoast SEO plugin v24.9 - https:\/\/yoast.com\/wordpress\/plugins\/seo\/ -->\n<title>RECAMBIO RODILLO 15CM MULTI-SUPERFICIE -<\/title>\n<meta name=\"description\" content=\"El recambio de rodillo lo podr\u00e1s usar para todo tipo de superficies. Te dar\u00e1 un acabado liso y fino y lo podr\u00e1s usar tanto en pinturas al agua como al disolvente.\" \/>\n<meta name=\"robots\" content=\"index, follow, max-snippet:-1, max-image-preview:large, max-video-preview:-1\" \/>\n<link rel=\"canonical\" href=\"https:\/\/tuferreteria.online\/hazlo-tu-mismo\/tienda\/pintura-decoracion\/pintura\/rodillos-accesorios\/recambio-rodillo-15cm-2\/\" \/>\n<meta property=\"og:locale\" content=\"es_ES\" \/>\n<meta property=\"og:type\" content=\"article\" \/>\n<meta property=\"og:title\" content=\"RECAMBIO RODILLO 15CM MULTI-SUPERFICIE -\" \/>\n<meta property=\"og:description\" content=\"El recambio de rodillo lo podr\u00e1s usar para todo tipo de superficies. Te dar\u00e1 un acabado liso y fino y lo podr\u00e1s usar tanto en pinturas al agua como al disolvente.\" \/>\n<meta property=\"og:url\" content=\"https:\/\/tuferreteria.online\/hazlo-tu-mismo\/tienda\/pintura-decoracion\/pintura\/rodillos-accesorios\/recambio-rodillo-15cm-2\/\" \/>\n<meta property=\"og:site_name\" content=\"Tienda de tuferreteria.online by Ferreter\u00eda La Salle\" \/>\n<meta property=\"article:modified_time\" content=\"2026-03-11T10:18:33+00:00\" \/>\n<meta property=\"og:image\" content=\"https:\/\/tuferreteria.online\/hazlo-tu-mismo\/wp-content\/uploads\/2018\/11\/RECAMBIO-RODILLO-TODAS-SUPER.-15-CM.jpg\" \/>\n\t<meta property=\"og:image:width\" content=\"600\" \/>\n\t<meta property=\"og:image:height\" content=\"600\" \/>\n\t<meta property=\"og:image:type\" content=\"image\/jpeg\" \/>\n<meta name=\"twitter:card\" content=\"summary_large_image\" \/>\n<meta name=\"twitter:label1\" content=\"Tiempo de lectura\" \/>\n\t<meta name=\"twitter:data1\" content=\"1 minuto\" \/>\n<script type=\"application\/ld+json\" class=\"yoast-schema-graph\">{\"@context\":\"https:\/\/schema.org\",\"@graph\":[{\"@type\":\"WebPage\",\"@id\":\"https:\/\/tuferreteria.online\/hazlo-tu-mismo\/tienda\/pintura-decoracion\/pintura\/rodillos-accesorios\/recambio-rodillo-15cm-2\/\",\"url\":\"https:\/\/tuferreteria.online\/hazlo-tu-mismo\/tienda\/pintura-decoracion\/pintura\/rodillos-accesorios\/recambio-rodillo-15cm-2\/\",\"name\":\"RECAMBIO RODILLO 15CM MULTI-SUPERFICIE -\",\"isPartOf\":{\"@id\":\"https:\/\/tuferreteria.online\/hazlo-tu-mismo\/#website\"},\"primaryImageOfPage\":{\"@id\":\"https:\/\/tuferreteria.online\/hazlo-tu-mismo\/tienda\/pintura-decoracion\/pintura\/rodillos-accesorios\/recambio-rodillo-15cm-2\/#primaryimage\"},\"image\":{\"@id\":\"https:\/\/tuferreteria.online\/hazlo-tu-mismo\/tienda\/pintura-decoracion\/pintura\/rodillos-accesorios\/recambio-rodillo-15cm-2\/#primaryimage\"},\"thumbnailUrl\":\"https:\/\/tuferreteria.online\/hazlo-tu-mismo\/wp-content\/uploads\/2018\/11\/RECAMBIO-RODILLO-TODAS-SUPER.-15-CM.jpg\",\"datePublished\":\"2018-11-05T11:37:59+00:00\",\"dateModified\":\"2026-03-11T10:18:33+00:00\",\"description\":\"El recambio de rodillo lo podr\u00e1s usar para todo tipo de superficies. Te dar\u00e1 un acabado liso y fino y lo podr\u00e1s usar tanto en pinturas al agua como al disolvente.\",\"breadcrumb\":{\"@id\":\"https:\/\/tuferreteria.online\/hazlo-tu-mismo\/tienda\/pintura-decoracion\/pintura\/rodillos-accesorios\/recambio-rodillo-15cm-2\/#breadcrumb\"},\"inLanguage\":\"es\",\"potentialAction\":[{\"@type\":\"ReadAction\",\"target\":[\"https:\/\/tuferreteria.online\/hazlo-tu-mismo\/tienda\/pintura-decoracion\/pintura\/rodillos-accesorios\/recambio-rodillo-15cm-2\/\"]}]},{\"@type\":\"ImageObject\",\"inLanguage\":\"es\",\"@id\":\"https:\/\/tuferreteria.online\/hazlo-tu-mismo\/tienda\/pintura-decoracion\/pintura\/rodillos-accesorios\/recambio-rodillo-15cm-2\/#primaryimage\",\"url\":\"https:\/\/tuferreteria.online\/hazlo-tu-mismo\/wp-content\/uploads\/2018\/11\/RECAMBIO-RODILLO-TODAS-SUPER.-15-CM.jpg\",\"contentUrl\":\"https:\/\/tuferreteria.online\/hazlo-tu-mismo\/wp-content\/uploads\/2018\/11\/RECAMBIO-RODILLO-TODAS-SUPER.-15-CM.jpg\",\"width\":600,\"height\":600,\"caption\":\"RECAMBIO-RODILLO-TODAS-SUPER.-15-CM\"},{\"@type\":\"BreadcrumbList\",\"@id\":\"https:\/\/tuferreteria.online\/hazlo-tu-mismo\/tienda\/pintura-decoracion\/pintura\/rodillos-accesorios\/recambio-rodillo-15cm-2\/#breadcrumb\",\"itemListElement\":[{\"@type\":\"ListItem\",\"position\":1,\"name\":\"Portada\",\"item\":\"https:\/\/tuferreteria.online\/hazlo-tu-mismo\/\"},{\"@type\":\"ListItem\",\"position\":2,\"name\":\"Tienda\",\"item\":\"https:\/\/tuferreteria.online\/hazlo-tu-mismo\/tienda\/\"},{\"@type\":\"ListItem\",\"position\":3,\"name\":\"RECAMBIO RODILLO 15CM MULTI-SUPERFICIE\"}]},{\"@type\":\"WebSite\",\"@id\":\"https:\/\/tuferreteria.online\/hazlo-tu-mismo\/#website\",\"url\":\"https:\/\/tuferreteria.online\/hazlo-tu-mismo\/\",\"name\":\"Tienda de tuferreteria.online by Ferreter\u00eda La Salle\",\"description\":\"Hazlo tu mismo\",\"potentialAction\":[{\"@type\":\"SearchAction\",\"target\":{\"@type\":\"EntryPoint\",\"urlTemplate\":\"https:\/\/tuferreteria.online\/hazlo-tu-mismo\/?s={search_term_string}\"},\"query-input\":{\"@type\":\"PropertyValueSpecification\",\"valueRequired\":true,\"valueName\":\"search_term_string\"}}],\"inLanguage\":\"es\"}]}<\/script>\n<!-- \/ Yoast SEO plugin. -->","yoast_head_json":{"title":"RECAMBIO RODILLO 15CM MULTI-SUPERFICIE -","description":"El recambio de rodillo lo podr\u00e1s usar para todo tipo de superficies. Te dar\u00e1 un acabado liso y fino y lo podr\u00e1s usar tanto en pinturas al agua como al disolvente.","robots":{"index":"index","follow":"follow","max-snippet":"max-snippet:-1","max-image-preview":"max-image-preview:large","max-video-preview":"max-video-preview:-1"},"canonical":"https:\/\/tuferreteria.online\/hazlo-tu-mismo\/tienda\/pintura-decoracion\/pintura\/rodillos-accesorios\/recambio-rodillo-15cm-2\/","og_locale":"es_ES","og_type":"article","og_title":"RECAMBIO RODILLO 15CM MULTI-SUPERFICIE -","og_description":"El recambio de rodillo lo podr\u00e1s usar para todo tipo de superficies. Te dar\u00e1 un acabado liso y fino y lo podr\u00e1s usar tanto en pinturas al agua como al disolvente.","og_url":"https:\/\/tuferreteria.online\/hazlo-tu-mismo\/tienda\/pintura-decoracion\/pintura\/rodillos-accesorios\/recambio-rodillo-15cm-2\/","og_site_name":"Tienda de tuferreteria.online by Ferreter\u00eda La Salle","article_modified_time":"2026-03-11T10:18:33+00:00","og_image":[{"width":600,"height":600,"url":"https:\/\/tuferreteria.online\/hazlo-tu-mismo\/wp-content\/uploads\/2018\/11\/RECAMBIO-RODILLO-TODAS-SUPER.-15-CM.jpg","type":"image\/jpeg"}],"twitter_card":"summary_large_image","twitter_misc":{"Tiempo de lectura":"1 minuto"},"schema":{"@context":"https:\/\/schema.org","@graph":[{"@type":"WebPage","@id":"https:\/\/tuferreteria.online\/hazlo-tu-mismo\/tienda\/pintura-decoracion\/pintura\/rodillos-accesorios\/recambio-rodillo-15cm-2\/","url":"https:\/\/tuferreteria.online\/hazlo-tu-mismo\/tienda\/pintura-decoracion\/pintura\/rodillos-accesorios\/recambio-rodillo-15cm-2\/","name":"RECAMBIO RODILLO 15CM MULTI-SUPERFICIE -","isPartOf":{"@id":"https:\/\/tuferreteria.online\/hazlo-tu-mismo\/#website"},"primaryImageOfPage":{"@id":"https:\/\/tuferreteria.online\/hazlo-tu-mismo\/tienda\/pintura-decoracion\/pintura\/rodillos-accesorios\/recambio-rodillo-15cm-2\/#primaryimage"},"image":{"@id":"https:\/\/tuferreteria.online\/hazlo-tu-mismo\/tienda\/pintura-decoracion\/pintura\/rodillos-accesorios\/recambio-rodillo-15cm-2\/#primaryimage"},"thumbnailUrl":"https:\/\/tuferreteria.online\/hazlo-tu-mismo\/wp-content\/uploads\/2018\/11\/RECAMBIO-RODILLO-TODAS-SUPER.-15-CM.jpg","datePublished":"2018-11-05T11:37:59+00:00","dateModified":"2026-03-11T10:18:33+00:00","description":"El recambio de rodillo lo podr\u00e1s usar para todo tipo de superficies. Te dar\u00e1 un acabado liso y fino y lo podr\u00e1s usar tanto en pinturas al agua como al disolvente.","breadcrumb":{"@id":"https:\/\/tuferreteria.online\/hazlo-tu-mismo\/tienda\/pintura-decoracion\/pintura\/rodillos-accesorios\/recambio-rodillo-15cm-2\/#breadcrumb"},"inLanguage":"es","potentialAction":[{"@type":"ReadAction","target":["https:\/\/tuferreteria.online\/hazlo-tu-mismo\/tienda\/pintura-decoracion\/pintura\/rodillos-accesorios\/recambio-rodillo-15cm-2\/"]}]},{"@type":"ImageObject","inLanguage":"es","@id":"https:\/\/tuferreteria.online\/hazlo-tu-mismo\/tienda\/pintura-decoracion\/pintura\/rodillos-accesorios\/recambio-rodillo-15cm-2\/#primaryimage","url":"https:\/\/tuferreteria.online\/hazlo-tu-mismo\/wp-content\/uploads\/2018\/11\/RECAMBIO-RODILLO-TODAS-SUPER.-15-CM.jpg","contentUrl":"https:\/\/tuferreteria.online\/hazlo-tu-mismo\/wp-content\/uploads\/2018\/11\/RECAMBIO-RODILLO-TODAS-SUPER.-15-CM.jpg","width":600,"height":600,"caption":"RECAMBIO-RODILLO-TODAS-SUPER.-15-CM"},{"@type":"BreadcrumbList","@id":"https:\/\/tuferreteria.online\/hazlo-tu-mismo\/tienda\/pintura-decoracion\/pintura\/rodillos-accesorios\/recambio-rodillo-15cm-2\/#breadcrumb","itemListElement":[{"@type":"ListItem","position":1,"name":"Portada","item":"https:\/\/tuferreteria.online\/hazlo-tu-mismo\/"},{"@type":"ListItem","position":2,"name":"Tienda","item":"https:\/\/tuferreteria.online\/hazlo-tu-mismo\/tienda\/"},{"@type":"ListItem","position":3,"name":"RECAMBIO RODILLO 15CM MULTI-SUPERFICIE"}]},{"@type":"WebSite","@id":"https:\/\/tuferreteria.online\/hazlo-tu-mismo\/#website","url":"https:\/\/tuferreteria.online\/hazlo-tu-mismo\/","name":"Tienda de tuferreteria.online by Ferreter\u00eda La Salle","description":"Hazlo tu mismo","potentialAction":[{"@type":"SearchAction","target":{"@type":"EntryPoint","urlTemplate":"https:\/\/tuferreteria.online\/hazlo-tu-mismo\/?s={search_term_string}"},"query-input":{"@type":"PropertyValueSpecification","valueRequired":true,"valueName":"search_term_string"}}],"inLanguage":"es"}]}},"_links":{"self":[{"href":"https:\/\/tuferreteria.online\/hazlo-tu-mismo\/wp-json\/wp\/v2\/product\/8584","targetHints":{"allow":["GET"]}}],"collection":[{"href":"https:\/\/tuferreteria.online\/hazlo-tu-mismo\/wp-json\/wp\/v2\/product"}],"about":[{"href":"https:\/\/tuferreteria.online\/hazlo-tu-mismo\/wp-json\/wp\/v2\/types\/product"}],"replies":[{"embeddable":true,"href":"https:\/\/tuferreteria.online\/hazlo-tu-mismo\/wp-json\/wp\/v2\/comments?post=8584"}],"wp:featuredmedia":[{"embeddable":true,"href":"https:\/\/tuferreteria.online\/hazlo-tu-mismo\/wp-json\/wp\/v2\/media\/26647"}],"wp:attachment":[{"href":"https:\/\/tuferreteria.online\/hazlo-tu-mismo\/wp-json\/wp\/v2\/media?parent=8584"}],"wp:term":[{"taxonomy":"brand","embeddable":true,"href":"https:\/\/tuferreteria.online\/hazlo-tu-mismo\/wp-json\/wp\/v2\/etheme_brands?post=8584"},{"taxonomy":"product_brand","embeddable":true,"href":"https:\/\/tuferreteria.online\/hazlo-tu-mismo\/wp-json\/wp\/v2\/product_brand?post=8584"},{"taxonomy":"product_cat","embeddable":true,"href":"https:\/\/tuferreteria.online\/hazlo-tu-mismo\/wp-json\/wp\/v2\/product_cat?post=8584"},{"taxonomy":"product_tag","embeddable":true,"href":"https:\/\/tuferreteria.online\/hazlo-tu-mismo\/wp-json\/wp\/v2\/product_tag?post=8584"}],"curies":[{"name":"wp","href":"https:\/\/api.w.org\/{rel}","templated":true}]}}